{"id":9857,"date":"2016-08-11T07:55:54","date_gmt":"2016-08-11T11:55:54","guid":{"rendered":"http:\/\/irpp.org\/research-studies\/en-fr\/"},"modified":"2018-06-08T11:44:42","modified_gmt":"2018-06-08T15:44:42","slug":"inclusive-employment-for-canadians-with-disabilities","status":"publish","type":"research-studies","link":"https:\/\/irpp.org\/fr\/research-studies\/inclusive-employment-for-canadians-with-disabilities\/","title":{"rendered":"Inclusive Employment for Canadians with Disabilities"},"content":{"rendered":"<p>Au Canada, les personnes handicap\u00e9es ont toujours connu un faible taux d\u2019emploi et font face \u00e0 des obstacles syst\u00e9miques sur le plan \u00e9ducatif, \u00e9conomique et social. Notamment celles qui ont une invalidit\u00e9 grave ou un faible niveau de scolarit\u00e9 sont peu pr\u00e9sentes sur le march\u00e9 de l\u2019emploi. Et elles sont nombreuses \u00e0 avoir besoin de soutien et d\u2019un travail adapt\u00e9.<\/p>\n<p>Dans cette \u00e9tude de l\u2019IRPP, Michael Prince examine la situation de l\u2019emploi chez les adultes en \u00e2ge de travailler qui ont une invalidit\u00e9 physique ou mentale, et analyse les politiques actuelles \u00e0 ce sujet. Ses r\u00e9sultats montrent qu\u2019un nombre disproportionn\u00e9 d\u2019entre eux ne travaillent pas, m\u00eame s\u2019ils en sont capables et souhaitent le faire. De plus, parmi ceux qui occupent un emploi, beaucoup re\u00e7oivent un salaire inf\u00e9rieur au salaire minimum et ne sont pas prot\u00e9g\u00e9s par la l\u00e9gislation du travail.<\/p>\n<p>Si, au cours des ann\u00e9es, les gouvernements ont mis en place diverses mesures pour faciliter la participation au march\u00e9 du travail des Canadiens ayant une invalidit\u00e9, celles-ci manquent de coh\u00e9rence. Les programmes offerts aux personnes handicap\u00e9es par les autorit\u00e9s f\u00e9d\u00e9rale, provinciales et municipales, \u00e9crit Michael Prince, forment un assemblage h\u00e9t\u00e9roclite de pratiques dont l\u2019accessibilit\u00e9, le caract\u00e8re abordable et l\u2019efficacit\u00e9 sont tr\u00e8s in\u00e9gaux.<\/p>\n<p>Cette situation est en bonne partie le r\u00e9sultat de choix politiques faits par le gouvernement f\u00e9d\u00e9ral dans le pass\u00e9, en particulier le transfert aux provinces et aux territoires, depuis la fin des ann\u00e9es 1990, des fonds de l\u2019assurance emploi destin\u00e9s aux programmes et aux services li\u00e9s au march\u00e9 du travail\u00a0; la r\u00e9duction des d\u00e9penses, au cours de la derni\u00e8re d\u00e9cennie, dans les programmes destin\u00e9s aux personnes ayant une invalidit\u00e9\u00a0; et le peu d\u2019attention port\u00e9e aux Ententes sur le march\u00e9 du travail visant les personnes handicap\u00e9es.<\/p>\n<p>Or le gouvernement f\u00e9d\u00e9ral s\u2019est engag\u00e9 \u00e0 adopter au cours de son mandat des lois favorisant l\u2019acc\u00e8s au travail et l\u2019inclusion sociale des personnes ayant une invalidit\u00e9. Michael Prince soutient que, si les d\u00e9cideurs politiques veulent \u00e9liminer les obstacles syst\u00e9miques et offrir l\u2019\u00e9galit\u00e9 des chances, ils doivent prioritairement mettre en contact les employeurs et les personnes handicap\u00e9es, et aider les employeurs \u00e0 offrir \u00e0 ces personnes du soutien et un travail adapt\u00e9.<\/p>\n<p>L\u2019auteur propose \u00e9galement aux gouvernements une strat\u00e9gie en six points : 1. Renouveler la conception que nous avons de l\u2019invalidit\u00e9 et de la citoyennet\u00e9\u00a0; 2. Permettre aux jeunes de mieux vivre la transition des \u00e9tudes au travail\u00a0; 3. Am\u00e9liorer l\u2019acc\u00e8s \u00e0 l\u2019\u00e9ducation postsecondaire\u00a0; 4.\u00a0Promouvoir les pratiques de soutien en milieu de travail\u00a0; 5. Bonifier les services et le soutien \u00e0 l\u2019emploi\u00a0; 6. Actualiser les ententes touchant le march\u00e9 de l\u2019emploi.<\/p>\n<p>Les Canadiens ayant une invalidit\u00e9 devraient pouvoir occuper un v\u00e9ritable emploi et recevoir un salaire d\u00e9cent. Et leurs droits, comme ceux de l\u2019ensemble des travailleurs, doivent \u00eatre prot\u00e9g\u00e9s par une l\u00e9gislation du travail et des normes de s\u00e9curit\u00e9.<\/p>\n<p><a href=\"https:\/\/irpp.org\/wp-content\/uploads\/2016\/08\/employment-for-canadians-with-disabilities.png\"><img fetchpriority=\"high\" decoding=\"async\" class=\"alignnone wp-image-7248 size-full\" src=\"https:\/\/irpp.org\/wp-content\/uploads\/2016\/08\/employment-for-canadians-with-disabilities.png\" alt=\"employment-for-canadians-with-disabilities\" width=\"800\" height=\"1800\" srcset=\"https:\/\/irpp.org\/wp-content\/uploads\/2016\/08\/employment-for-canadians-with-disabilities.png 800w, https:\/\/irpp.org\/wp-content\/uploads\/2016\/08\/employment-for-canadians-with-disabilities-133x300.png 133w, https:\/\/irpp.org\/wp-content\/uploads\/2016\/08\/employment-for-canadians-with-disabilities-768x1728.png 768w, https:\/\/irpp.org\/wp-content\/uploads\/2016\/08\/employment-for-canadians-with-disabilities-455x1024.png 455w\" sizes=\"(max-width: 800px) 100vw, 800px\" \/><\/a><\/p>","protected":false},"excerpt":{"rendered":"<p>Au Canada, les personnes handicap\u00e9es ont toujours connu un faible taux d\u2019emploi et font face \u00e0 des obstacles syst\u00e9miques sur le plan \u00e9ducatif, \u00e9conomique et social. Notamment celles qui ont une invalidit\u00e9 grave ou un faible niveau de scolarit\u00e9 sont peu pr\u00e9sentes sur le march\u00e9 de l\u2019emploi. Et elles sont nombreuses \u00e0 avoir besoin de [&hellip;]<\/p>\n","protected":false},"featured_media":7250,"template":"","meta":{"content-type":""},"categories":[91,90],"tags":[],"class_list":["post-9857","research-studies","type-research-studies","status-publish","has-post-thumbnail","hentry","category-featured-research-study-fr","category-home-main-feature-fr"],"acf":[],"yoast_head":"<!-- This site is optimized with the Yoast SEO plugin v15.7 - https:\/\/yoast.com\/wordpress\/plugins\/seo\/ -->\n<meta name=\"description\" content=\"A new study from the Institute for Research on Public Policy calls for six-point action plan to enhance inclusive employment for people with disabilities.\" \/>\n<meta name=\"robots\" content=\"index, follow, max-snippet:-1, max-image-preview:large, max-video-preview:-1\" \/>\n<link rel=\"canonical\" href=\"https:\/\/irpp.org\/fr\/research-studies\/inclusive-employment-for-canadians-with-disabilities\/\" \/>\n<meta property=\"og:locale\" content=\"fr_FR\" \/>\n<meta property=\"og:type\" content=\"article\" \/>\n<meta property=\"og:title\" content=\"Inclusive Employment for Canadians with Disabilities\" \/>\n<meta property=\"og:description\" content=\"A new study from the Institute for Research on Public Policy calls for six-point action plan to enhance inclusive employment for people with disabilities.\" \/>\n<meta property=\"og:url\" content=\"https:\/\/irpp.org\/fr\/research-studies\/inclusive-employment-for-canadians-with-disabilities\/\" \/>\n<meta property=\"og:site_name\" content=\"IRPP\" \/>\n<meta property=\"article:publisher\" content=\"https:\/\/www.facebook.com\/IRPP.org\" \/>\n<meta property=\"article:modified_time\" content=\"2018-06-08T15:44:42+00:00\" \/>\n<meta property=\"og:image\" content=\"https:\/\/irpp.org\/wp-content\/uploads\/2016\/08\/woman-reading.jpg\" \/>\n\t<meta property=\"og:image:width\" content=\"710\" \/>\n\t<meta property=\"og:image:height\" content=\"390\" \/>\n<meta name=\"twitter:card\" content=\"summary_large_image\" \/>\n<meta name=\"twitter:site\" content=\"@irpp\" \/>\n<meta name=\"twitter:label1\" content=\"Dur\u00e9e de lecture est.\">\n\t<meta name=\"twitter:data1\" content=\"3 minutes\">\n<script type=\"application\/ld+json\" class=\"yoast-schema-graph\">{\"@context\":\"https:\/\/schema.org\",\"@graph\":[{\"@type\":\"WebSite\",\"@id\":\"https:\/\/irpp.org\/#website\",\"url\":\"https:\/\/irpp.org\/\",\"name\":\"IRPP\",\"description\":\"Institute for Research on Public Policy\",\"potentialAction\":[{\"@type\":\"SearchAction\",\"target\":\"https:\/\/irpp.org\/?s={search_term_string}\",\"query-input\":\"required name=search_term_string\"}],\"inLanguage\":\"fr-FR\"},{\"@type\":\"ImageObject\",\"@id\":\"https:\/\/irpp.org\/fr\/research-studies\/inclusive-employment-for-canadians-with-disabilities\/#primaryimage\",\"inLanguage\":\"fr-FR\",\"url\":\"https:\/\/irpp.org\/wp-content\/uploads\/2016\/08\/woman-reading.jpg\",\"width\":710,\"height\":390},{\"@type\":\"WebPage\",\"@id\":\"https:\/\/irpp.org\/fr\/research-studies\/inclusive-employment-for-canadians-with-disabilities\/#webpage\",\"url\":\"https:\/\/irpp.org\/fr\/research-studies\/inclusive-employment-for-canadians-with-disabilities\/\",\"name\":\"Inclusive Employment for Canadians with Disabilities\",\"isPartOf\":{\"@id\":\"https:\/\/irpp.org\/#website\"},\"primaryImageOfPage\":{\"@id\":\"https:\/\/irpp.org\/fr\/research-studies\/inclusive-employment-for-canadians-with-disabilities\/#primaryimage\"},\"datePublished\":\"2016-08-11T11:55:54+00:00\",\"dateModified\":\"2018-06-08T15:44:42+00:00\",\"description\":\"A new study from the Institute for Research on Public Policy calls for six-point action plan to enhance inclusive employment for people with disabilities.\",\"inLanguage\":\"fr-FR\",\"potentialAction\":[{\"@type\":\"ReadAction\",\"target\":[\"https:\/\/irpp.org\/fr\/research-studies\/inclusive-employment-for-canadians-with-disabilities\/\"]}]}]}<\/script>\n<!-- \/ Yoast SEO plugin. -->","distributor_meta":false,"distributor_terms":false,"distributor_media":false,"distributor_original_site_name":"IRPP","distributor_original_site_url":"https:\/\/irpp.org\/fr\/","push-errors":false,"_links":{"self":[{"href":"https:\/\/irpp.org\/fr\/wp-json\/wp\/v2\/research-studies\/9857","targetHints":{"allow":["GET"]}}],"collection":[{"href":"https:\/\/irpp.org\/fr\/wp-json\/wp\/v2\/research-studies"}],"about":[{"href":"https:\/\/irpp.org\/fr\/wp-json\/wp\/v2\/types\/research-studies"}],"version-history":[{"count":0,"href":"https:\/\/irpp.org\/fr\/wp-json\/wp\/v2\/research-studies\/9857\/revisions"}],"wp:featuredmedia":[{"embeddable":true,"href":"https:\/\/irpp.org\/fr\/wp-json\/wp\/v2\/media\/7250"}],"wp:attachment":[{"href":"https:\/\/irpp.org\/fr\/wp-json\/wp\/v2\/media?parent=9857"}],"wp:term":[{"taxonomy":"category","embeddable":true,"href":"https:\/\/irpp.org\/fr\/wp-json\/wp\/v2\/categories?post=9857"},{"taxonomy":"post_tag","embeddable":true,"href":"https:\/\/irpp.org\/fr\/wp-json\/wp\/v2\/tags?post=9857"}],"curies":[{"name":"wp","href":"https:\/\/api.w.org\/{rel}","templated":true}]}}

<p>Au Canada, les personnes handicapées ont toujours connu un faible taux d’emploi et font face à des obstacles systémiques sur le plan éducatif, économique et social. Notamment celles qui ont une invalidité grave ou un faible niveau de scolarité sont peu présentes sur le marché de l’emploi. Et elles sont nombreuses à avoir besoin de soutien et d’un travail adapté.</p>
<p>Dans cette étude de l’IRPP, Michael Prince examine la situation de l’emploi chez les adultes en âge de travailler qui ont une invalidité physique ou mentale, et analyse les politiques actuelles à ce sujet. Ses résultats montrent qu’un nombre disproportionné d’entre eux ne travaillent pas, même s’ils en sont capables et souhaitent le faire. De plus, parmi ceux qui occupent un emploi, beaucoup reçoivent un salaire inférieur au salaire minimum et ne sont pas protégés par la législation du travail.</p>
<p>Si, au cours des années, les gouvernements ont mis en place diverses mesures pour faciliter la participation au marché du travail des Canadiens ayant une invalidité, celles-ci manquent de cohérence. Les programmes offerts aux personnes handicapées par les autorités fédérale, provinciales et municipales, écrit Michael Prince, forment un assemblage hétéroclite de pratiques dont l’accessibilité, le caractère abordable et l’efficacité sont très inégaux.</p>
<p>Cette situation est en bonne partie le résultat de choix politiques faits par le gouvernement fédéral dans le passé, en particulier le transfert aux provinces et aux territoires, depuis la fin des années 1990, des fonds de l’assurance emploi destinés aux programmes et aux services liés au marché du travail ; la réduction des dépenses, au cours de la dernière décennie, dans les programmes destinés aux personnes ayant une invalidité ; et le peu d’attention portée aux Ententes sur le marché du travail visant les personnes handicapées.</p>
<p>Or le gouvernement fédéral s’est engagé à adopter au cours de son mandat des lois favorisant l’accès au travail et l’inclusion sociale des personnes ayant une invalidité. Michael Prince soutient que, si les décideurs politiques veulent éliminer les obstacles systémiques et offrir l’égalité des chances, ils doivent prioritairement mettre en contact les employeurs et les personnes handicapées, et aider les employeurs à offrir à ces personnes du soutien et un travail adapté.</p>
<p>L’auteur propose également aux gouvernements une stratégie en six points : 1. Renouveler la conception que nous avons de l’invalidité et de la citoyenneté ; 2. Permettre aux jeunes de mieux vivre la transition des études au travail ; 3. Améliorer l’accès à l’éducation postsecondaire ; 4. Promouvoir les pratiques de soutien en milieu de travail ; 5. Bonifier les services et le soutien à l’emploi ; 6. Actualiser les ententes touchant le marché de l’emploi.</p>
<p>Les Canadiens ayant une invalidité devraient pouvoir occuper un véritable emploi et recevoir un salaire décent. Et leurs droits, comme ceux de l’ensemble des travailleurs, doivent être protégés par une législation du travail et des normes de sécurité.</p>
<p><a href="https://irpp.org/wp-content/uploads/2016/08/employment-for-canadians-with-disabilities.png"><img fetchpriority="high" decoding="async" class="alignnone wp-image-7248 size-full" src="https://irpp.org/wp-content/uploads/2016/08/employment-for-canadians-with-disabilities.png" alt="employment-for-canadians-with-disabilities" width="800" height="1800" srcset="https://irpp.org/wp-content/uploads/2016/08/employment-for-canadians-with-disabilities.png 800w, https://irpp.org/wp-content/uploads/2016/08/employment-for-canadians-with-disabilities-133x300.png 133w, https://irpp.org/wp-content/uploads/2016/08/employment-for-canadians-with-disabilities-768x1728.png 768w, https://irpp.org/wp-content/uploads/2016/08/employment-for-canadians-with-disabilities-455x1024.png 455w" sizes="(max-width: 800px) 100vw, 800px" /></a></p>

<p>Au Canada, les personnes handicapées ont toujours connu un faible taux d’emploi et font face à des obstacles systémiques sur le plan éducatif, économique et social. Notamment celles qui ont une invalidité grave ou un faible niveau de scolarité sont peu présentes sur le marché de l’emploi. Et elles sont nombreuses à avoir besoin de [&hellip;]</p>

<!-- This site is optimized with the Yoast SEO plugin v15.7 - https://yoast.com/wordpress/plugins/seo/ -->
<meta name="description" content="A new study from the Institute for Research on Public Policy calls for six-point action plan to enhance inclusive employment for people with disabilities." />
<meta name="robots" content="index, follow, max-snippet:-1, max-image-preview:large, max-video-preview:-1" />
<link rel="canonical" href="https://irpp.org/fr/research-studies/inclusive-employment-for-canadians-with-disabilities/" />
<meta property="og:locale" content="fr_FR" />
<meta property="og:type" content="article" />
<meta property="og:title" content="Inclusive Employment for Canadians with Disabilities" />
<meta property="og:description" content="A new study from the Institute for Research on Public Policy calls for six-point action plan to enhance inclusive employment for people with disabilities." />
<meta property="og:url" content="https://irpp.org/fr/research-studies/inclusive-employment-for-canadians-with-disabilities/" />
<meta property="og:site_name" content="IRPP" />
<meta property="article:publisher" content="https://www.facebook.com/IRPP.org" />
<meta property="article:modified_time" content="2018-06-08T15:44:42+00:00" />
<meta property="og:image" content="https://irpp.org/wp-content/uploads/2016/08/woman-reading.jpg" />
	<meta property="og:image:width" content="710" />
	<meta property="og:image:height" content="390" />
<meta name="twitter:card" content="summary_large_image" />
<meta name="twitter:site" content="@irpp" />
<meta name="twitter:label1" content="Durée de lecture est.">
	<meta name="twitter:data1" content="3 minutes">
<script type="application/ld+json" class="yoast-schema-graph">{"@context":"https://schema.org","@graph":[{"@type":"WebSite","@id":"https://irpp.org/#website","url":"https://irpp.org/","name":"IRPP","description":"Institute for Research on Public Policy","potentialAction":[{"@type":"SearchAction","target":"https://irpp.org/?s={search_term_string}","query-input":"required name=search_term_string"}],"inLanguage":"fr-FR"},{"@type":"ImageObject","@id":"https://irpp.org/fr/research-studies/inclusive-employment-for-canadians-with-disabilities/#primaryimage","inLanguage":"fr-FR","url":"https://irpp.org/wp-content/uploads/2016/08/woman-reading.jpg","width":710,"height":390},{"@type":"WebPage","@id":"https://irpp.org/fr/research-studies/inclusive-employment-for-canadians-with-disabilities/#webpage","url":"https://irpp.org/fr/research-studies/inclusive-employment-for-canadians-with-disabilities/","name":"Inclusive Employment for Canadians with Disabilities","isPartOf":{"@id":"https://irpp.org/#website"},"primaryImageOfPage":{"@id":"https://irpp.org/fr/research-studies/inclusive-employment-for-canadians-with-disabilities/#primaryimage"},"datePublished":"2016-08-11T11:55:54+00:00","dateModified":"2018-06-08T15:44:42+00:00","description":"A new study from the Institute for Research on Public Policy calls for six-point action plan to enhance inclusive employment for people with disabilities.","inLanguage":"fr-FR","potentialAction":[{"@type":"ReadAction","target":["https://irpp.org/fr/research-studies/inclusive-employment-for-canadians-with-disabilities/"]}]}]}</script>
<!-- / Yoast SEO plugin. -->
