{"id":9839,"date":"2015-09-24T16:37:55","date_gmt":"2015-09-24T20:37:55","guid":{"rendered":"http:\/\/irpp.org\/research-studies\/en-fr\/"},"modified":"2022-04-22T16:10:36","modified_gmt":"2022-04-22T20:10:36","slug":"has-the-canadian-labour-market-polarized","status":"publish","type":"research-studies","link":"https:\/\/irpp.org\/fr\/research-studies\/has-the-canadian-labour-market-polarized\/","title":{"rendered":"Has the Canadian Labour Market Polarized?"},"content":{"rendered":"<h2>R\u00e9sum\u00e9<\/h2>\n<p>David A. Green et Benjamin M. Sand examinent les tendances en mati\u00e8re d\u2019emploi et de salaire au cours des derni\u00e8res d\u00e9cennies afin de d\u00e9terminer si le march\u00e9 du travail canadien s\u2019est polaris\u00e9 entre travailleurs \u00e0 revenu faible et \u00e0 revenu \u00e9lev\u00e9, et si, par cons\u00e9quent, la classe moyenne a connu un recul. Ils montrent que l\u2019on a assist\u00e9 \u00e0 une polarisation des emplois dans les ann\u00e9es 1970 \u00e0 2000, marqu\u00e9e par une diminution graduelle des postes dans le secteur manufacturier, une augmentation des emplois de gestionnaires et de professionnels, et une hausse constante de l\u2019in\u00e9galit\u00e9 salariale. Depuis 2000, toutefois, cette polarisation des emplois s\u2019est att\u00e9nu\u00e9e en raison d\u2019une baisse de la demande de travailleurs hautement qualifi\u00e9s, alors que la r\u00e9mun\u00e9ration s\u2019est l\u00e9g\u00e8rement polaris\u00e9e : les salaires des travailleurs \u00e0 faible revenu ont connu une augmentation relative plus modeste que ceux de la classe moyenne et, \u00e0 plus forte raison, ceux des mieux nantis, qui ont b\u00e9n\u00e9fici\u00e9 de la hausse la plus importante.<\/p>\n<h2>Auteurs<\/h2>\n<p><strong>David A. Green<\/strong> est professeur \u00e0 la Vancouver School of Economics de l\u2019Universit\u00e9 de la Colombie-Britannique, chercheur associ\u00e9 de l\u2019Institut de recherche en politiques publiques, et chercheur international associ\u00e9 \u00e0 l\u2019Institute for Fiscal Studies de Londres. Ses recherches sont consacr\u00e9es aux d\u00e9terminants de la structure de salaire et d\u2019emploi. Dans ses r\u00e9cents travaux, il \u00e9tablit des liens entre les questions micro- et macro\u00e9conomiques (effets g\u00e9n\u00e9raux de l\u2019\u00e9quilibre) de la d\u00e9termination de la main-d\u2019oeuvre.<\/p>\n<p><strong>Benjamin M. Sand<\/strong> est professeur adjoint en \u00e9conomie \u00e0 l\u2019Universit\u00e9 York depuis 2011. Il \u00e9tait auparavant professeur adjoint \u00e0 l\u2019\u00c9cole de commerce de Copenhague. Ses recherches sont consacr\u00e9es principalement \u00e0 l\u2019\u00e9conomie du travail,y compris les d\u00e9terminants des structures de salaire, d\u2019emploi, de profession et d\u2019in\u00e9galit\u00e9. Il est titulaire d\u2019un doctorat en \u00e9conomie de l\u2019Universit\u00e9 de la Colombie-Britannique.<\/p>\n<table border=\"1\" cellpadding=\"5\">\n<tbody>\n<tr>\n<td>Ce chapitre fait partie de l\u2019ouvrage collectif\u00a0<u style=\"font-family: inherit;font-size: inherit\"><a href=\"https:\/\/irpp.org\/fr\/recherche\/income-inequality-the-canadian-story\/\"><em>Income Inequality: The Canadian Story<\/em><\/a><\/u><span style=\"font-family: inherit;font-size: inherit\">. Il est le fruit de deux ann\u00e9es de collaboration entre l\u2019IRPP et le R\u00e9seau canadien de chercheurs dans le domaine du march\u00e9 du travail et des comp\u00e9tences (RCCMTC). Pas moins de 27 \u00e9minents experts y analysent les tendances en mati\u00e8re d\u2019in\u00e9galit\u00e9 au Canada, les facteurs ayant dict\u00e9 l\u2019augmentation des in\u00e9galit\u00e9s depuis le d\u00e9but des ann\u00e9es 1980 et le r\u00f4le que doivent jouer les politiques publiques pour rem\u00e9dier au probl\u00e8me<\/span>.<\/td>\n<\/tr>\n<\/tbody>\n<\/table>","protected":false},"excerpt":{"rendered":"<p>R\u00e9sum\u00e9 David A. Green et Benjamin M. Sand examinent les tendances en mati\u00e8re d\u2019emploi et de salaire au cours des derni\u00e8res d\u00e9cennies afin de d\u00e9terminer si le march\u00e9 du travail canadien s\u2019est polaris\u00e9 entre travailleurs \u00e0 revenu faible et \u00e0 revenu \u00e9lev\u00e9, et si, par cons\u00e9quent, la classe moyenne a connu un recul. Ils montrent [&hellip;]<\/p>\n","protected":false},"featured_media":5979,"template":"","meta":{"content-type":""},"categories":[],"tags":[819,609,725],"class_list":["post-9839","research-studies","type-research-studies","status-publish","has-post-thumbnail","hentry","tag-economy-fr","tag-emploi","tag-inequality-fr"],"acf":[],"yoast_head":"<!-- This site is optimized with the Yoast SEO plugin v15.7 - https:\/\/yoast.com\/wordpress\/plugins\/seo\/ -->\n<meta name=\"description\" content=\"This study investigates whether employment and wage patterns over the past several decades show evidence of polarization in the Canadian labour market.\" \/>\n<meta name=\"robots\" content=\"index, follow, max-snippet:-1, max-image-preview:large, max-video-preview:-1\" \/>\n<link rel=\"canonical\" href=\"https:\/\/irpp.org\/fr\/research-studies\/has-the-canadian-labour-market-polarized\/\" \/>\n<meta property=\"og:locale\" content=\"fr_FR\" \/>\n<meta property=\"og:type\" content=\"article\" \/>\n<meta property=\"og:title\" content=\"Has the Canadian Labour Market Polarized?\" \/>\n<meta property=\"og:description\" content=\"This study investigates whether employment and wage patterns over the past several decades show evidence of polarization in the Canadian labour market.\" \/>\n<meta property=\"og:url\" content=\"https:\/\/irpp.org\/fr\/research-studies\/has-the-canadian-labour-market-polarized\/\" \/>\n<meta property=\"og:site_name\" content=\"IRPP\" \/>\n<meta property=\"article:publisher\" content=\"https:\/\/www.facebook.com\/IRPP.org\" \/>\n<meta property=\"article:modified_time\" content=\"2022-04-22T20:10:36+00:00\" \/>\n<meta property=\"og:image\" content=\"https:\/\/irpp.org\/wp-content\/uploads\/2015\/09\/inequality.jpg\" \/>\n\t<meta property=\"og:image:width\" content=\"710\" \/>\n\t<meta property=\"og:image:height\" content=\"390\" \/>\n<meta name=\"twitter:card\" content=\"summary_large_image\" \/>\n<meta name=\"twitter:site\" content=\"@irpp\" \/>\n<meta name=\"twitter:label1\" content=\"Dur\u00e9e de lecture est.\">\n\t<meta name=\"twitter:data1\" content=\"2 minutes\">\n<script type=\"application\/ld+json\" class=\"yoast-schema-graph\">{\"@context\":\"https:\/\/schema.org\",\"@graph\":[{\"@type\":\"WebSite\",\"@id\":\"https:\/\/irpp.org\/#website\",\"url\":\"https:\/\/irpp.org\/\",\"name\":\"IRPP\",\"description\":\"Institute for Research on Public Policy\",\"potentialAction\":[{\"@type\":\"SearchAction\",\"target\":\"https:\/\/irpp.org\/?s={search_term_string}\",\"query-input\":\"required name=search_term_string\"}],\"inLanguage\":\"fr-FR\"},{\"@type\":\"ImageObject\",\"@id\":\"https:\/\/irpp.org\/fr\/research-studies\/has-the-canadian-labour-market-polarized\/#primaryimage\",\"inLanguage\":\"fr-FR\",\"url\":\"https:\/\/irpp.org\/wp-content\/uploads\/2015\/09\/inequality.jpg\",\"width\":710,\"height\":390},{\"@type\":\"WebPage\",\"@id\":\"https:\/\/irpp.org\/fr\/research-studies\/has-the-canadian-labour-market-polarized\/#webpage\",\"url\":\"https:\/\/irpp.org\/fr\/research-studies\/has-the-canadian-labour-market-polarized\/\",\"name\":\"Has the Canadian Labour Market Polarized?\",\"isPartOf\":{\"@id\":\"https:\/\/irpp.org\/#website\"},\"primaryImageOfPage\":{\"@id\":\"https:\/\/irpp.org\/fr\/research-studies\/has-the-canadian-labour-market-polarized\/#primaryimage\"},\"datePublished\":\"2015-09-24T20:37:55+00:00\",\"dateModified\":\"2022-04-22T20:10:36+00:00\",\"description\":\"This study investigates whether employment and wage patterns over the past several decades show evidence of polarization in the Canadian labour market.\",\"inLanguage\":\"fr-FR\",\"potentialAction\":[{\"@type\":\"ReadAction\",\"target\":[\"https:\/\/irpp.org\/fr\/research-studies\/has-the-canadian-labour-market-polarized\/\"]}]}]}<\/script>\n<!-- \/ Yoast SEO plugin. -->","distributor_meta":false,"distributor_terms":false,"distributor_media":false,"distributor_original_site_name":"IRPP","distributor_original_site_url":"https:\/\/irpp.org\/fr\/","push-errors":false,"_links":{"self":[{"href":"https:\/\/irpp.org\/fr\/wp-json\/wp\/v2\/research-studies\/9839","targetHints":{"allow":["GET"]}}],"collection":[{"href":"https:\/\/irpp.org\/fr\/wp-json\/wp\/v2\/research-studies"}],"about":[{"href":"https:\/\/irpp.org\/fr\/wp-json\/wp\/v2\/types\/research-studies"}],"version-history":[{"count":0,"href":"https:\/\/irpp.org\/fr\/wp-json\/wp\/v2\/research-studies\/9839\/revisions"}],"wp:featuredmedia":[{"embeddable":true,"href":"https:\/\/irpp.org\/fr\/wp-json\/wp\/v2\/media\/5979"}],"wp:attachment":[{"href":"https:\/\/irpp.org\/fr\/wp-json\/wp\/v2\/media?parent=9839"}],"wp:term":[{"taxonomy":"category","embeddable":true,"href":"https:\/\/irpp.org\/fr\/wp-json\/wp\/v2\/categories?post=9839"},{"taxonomy":"post_tag","embeddable":true,"href":"https:\/\/irpp.org\/fr\/wp-json\/wp\/v2\/tags?post=9839"}],"curies":[{"name":"wp","href":"https:\/\/api.w.org\/{rel}","templated":true}]}}

<h2>Résumé</h2>
<p>David A. Green et Benjamin M. Sand examinent les tendances en matière d’emploi et de salaire au cours des dernières décennies afin de déterminer si le marché du travail canadien s’est polarisé entre travailleurs à revenu faible et à revenu élevé, et si, par conséquent, la classe moyenne a connu un recul. Ils montrent que l’on a assisté à une polarisation des emplois dans les années 1970 à 2000, marquée par une diminution graduelle des postes dans le secteur manufacturier, une augmentation des emplois de gestionnaires et de professionnels, et une hausse constante de l’inégalité salariale. Depuis 2000, toutefois, cette polarisation des emplois s’est atténuée en raison d’une baisse de la demande de travailleurs hautement qualifiés, alors que la rémunération s’est légèrement polarisée : les salaires des travailleurs à faible revenu ont connu une augmentation relative plus modeste que ceux de la classe moyenne et, à plus forte raison, ceux des mieux nantis, qui ont bénéficié de la hausse la plus importante.</p>
<h2>Auteurs</h2>
<p><strong>David A. Green</strong> est professeur à la Vancouver School of Economics de l’Université de la Colombie-Britannique, chercheur associé de l’Institut de recherche en politiques publiques, et chercheur international associé à l’Institute for Fiscal Studies de Londres. Ses recherches sont consacrées aux déterminants de la structure de salaire et d’emploi. Dans ses récents travaux, il établit des liens entre les questions micro- et macroéconomiques (effets généraux de l’équilibre) de la détermination de la main-d’oeuvre.</p>
<p><strong>Benjamin M. Sand</strong> est professeur adjoint en économie à l’Université York depuis 2011. Il était auparavant professeur adjoint à l’École de commerce de Copenhague. Ses recherches sont consacrées principalement à l’économie du travail,y compris les déterminants des structures de salaire, d’emploi, de profession et d’inégalité. Il est titulaire d’un doctorat en économie de l’Université de la Colombie-Britannique.</p>
<table border="1" cellpadding="5">
<tbody>
<tr>
<td>Ce chapitre fait partie de l’ouvrage collectif <u style="font-family: inherit;font-size: inherit"><a href="https://irpp.org/fr/recherche/income-inequality-the-canadian-story/"><em>Income Inequality: The Canadian Story</em></a></u><span style="font-family: inherit;font-size: inherit">. Il est le fruit de deux années de collaboration entre l’IRPP et le Réseau canadien de chercheurs dans le domaine du marché du travail et des compétences (RCCMTC). Pas moins de 27 éminents experts y analysent les tendances en matière d’inégalité au Canada, les facteurs ayant dicté l’augmentation des inégalités depuis le début des années 1980 et le rôle que doivent jouer les politiques publiques pour remédier au problème</span>.</td>
</tr>
</tbody>
</table>

<p>Résumé David A. Green et Benjamin M. Sand examinent les tendances en matière d’emploi et de salaire au cours des dernières décennies afin de déterminer si le marché du travail canadien s’est polarisé entre travailleurs à revenu faible et à revenu élevé, et si, par conséquent, la classe moyenne a connu un recul. Ils montrent [&hellip;]</p>

<!-- This site is optimized with the Yoast SEO plugin v15.7 - https://yoast.com/wordpress/plugins/seo/ -->
<meta name="description" content="This study investigates whether employment and wage patterns over the past several decades show evidence of polarization in the Canadian labour market." />
<meta name="robots" content="index, follow, max-snippet:-1, max-image-preview:large, max-video-preview:-1" />
<link rel="canonical" href="https://irpp.org/fr/research-studies/has-the-canadian-labour-market-polarized/" />
<meta property="og:locale" content="fr_FR" />
<meta property="og:type" content="article" />
<meta property="og:title" content="Has the Canadian Labour Market Polarized?" />
<meta property="og:description" content="This study investigates whether employment and wage patterns over the past several decades show evidence of polarization in the Canadian labour market." />
<meta property="og:url" content="https://irpp.org/fr/research-studies/has-the-canadian-labour-market-polarized/" />
<meta property="og:site_name" content="IRPP" />
<meta property="article:publisher" content="https://www.facebook.com/IRPP.org" />
<meta property="article:modified_time" content="2022-04-22T20:10:36+00:00" />
<meta property="og:image" content="https://irpp.org/wp-content/uploads/2015/09/inequality.jpg" />
	<meta property="og:image:width" content="710" />
	<meta property="og:image:height" content="390" />
<meta name="twitter:card" content="summary_large_image" />
<meta name="twitter:site" content="@irpp" />
<meta name="twitter:label1" content="Durée de lecture est.">
	<meta name="twitter:data1" content="2 minutes">
<script type="application/ld+json" class="yoast-schema-graph">{"@context":"https://schema.org","@graph":[{"@type":"WebSite","@id":"https://irpp.org/#website","url":"https://irpp.org/","name":"IRPP","description":"Institute for Research on Public Policy","potentialAction":[{"@type":"SearchAction","target":"https://irpp.org/?s={search_term_string}","query-input":"required name=search_term_string"}],"inLanguage":"fr-FR"},{"@type":"ImageObject","@id":"https://irpp.org/fr/research-studies/has-the-canadian-labour-market-polarized/#primaryimage","inLanguage":"fr-FR","url":"https://irpp.org/wp-content/uploads/2015/09/inequality.jpg","width":710,"height":390},{"@type":"WebPage","@id":"https://irpp.org/fr/research-studies/has-the-canadian-labour-market-polarized/#webpage","url":"https://irpp.org/fr/research-studies/has-the-canadian-labour-market-polarized/","name":"Has the Canadian Labour Market Polarized?","isPartOf":{"@id":"https://irpp.org/#website"},"primaryImageOfPage":{"@id":"https://irpp.org/fr/research-studies/has-the-canadian-labour-market-polarized/#primaryimage"},"datePublished":"2015-09-24T20:37:55+00:00","dateModified":"2022-04-22T20:10:36+00:00","description":"This study investigates whether employment and wage patterns over the past several decades show evidence of polarization in the Canadian labour market.","inLanguage":"fr-FR","potentialAction":[{"@type":"ReadAction","target":["https://irpp.org/fr/research-studies/has-the-canadian-labour-market-polarized/"]}]}]}</script>
<!-- / Yoast SEO plugin. -->
