{"id":9819,"date":"2014-11-25T06:30:42","date_gmt":"2014-11-25T11:30:42","guid":{"rendered":"http:\/\/irpp.org\/research-studies\/en-fr\/"},"modified":"2018-06-12T11:56:26","modified_gmt":"2018-06-12T15:56:26","slug":"linterculturalisme-quebecois-dans-le-contexte-du-multiculturalisme-canadien","status":"publish","type":"research-studies","link":"https:\/\/irpp.org\/fr\/research-studies\/linterculturalisme-quebecois-dans-le-contexte-du-multiculturalisme-canadien\/","title":{"rendered":"L&rsquo;interculturalisme qu\u00e9b\u00e9cois dans le contexte du multiculturalisme canadien"},"content":{"rendered":"<p>Face \u00e0 la diversit\u00e9 grandissante de leurs populations, les soci\u00e9t\u00e9s occidentales ont adopt\u00e9 diff\u00e9rentes approches pour favoriser l&rsquo;int\u00e9gration des immigrants et de leurs descendants. Parfois, ces approches varient au sein d&rsquo;un m\u00eame pays \u2013 comme c&rsquo;est le cas du Canada. Le gouvernement f\u00e9d\u00e9ral y applique depuis 1971 une politique de multiculturalisme, alors que le Qu\u00e9bec a plut\u00f4t opt\u00e9 pour l&rsquo;interculturalisme qui, sans \u00eatre une politique officielle, se refl\u00e8te dans certains programmes et occupe une place importante dans les d\u00e9bats publics sur la gestion de la diversit\u00e9 ethnoculturelle.<\/p>\n<p>Comme l&rsquo;illustrent Fran\u00e7ois Rocher et Bob White dans cette \u00e9tude, il existe, sous l&rsquo;angle des politiques publiques, plusieurs similitudes entre le multiculturalisme et l&rsquo;interculturalisme. Les deux approches favorisent notamment la coh\u00e9sion, la participation \u00e9quitable et la lutte contre le racisme et la discrimination. En m\u00eame temps, les deux mod\u00e8les refl\u00e8tent deux trajectoires historiques distinctes mais interreli\u00e9es. Le multiculturalisme se d\u00e9ploie dans un Canada bilingue, est ench\u00e2ss\u00e9 dans la Charte canadienne des droits et libert\u00e9s et a fait l&rsquo;objet d&rsquo;une l\u00e9gislation. Au Qu\u00e9bec, l&rsquo;interculturalisme s&rsquo;inscrit dans le cadre de la politique d&rsquo;immigration et ne jouit d&rsquo;aucun statut juridique. Or la notion d&rsquo;interculturalisme et les politiques qui s&rsquo;en r\u00e9clament sont souvent mal comprises et sources de controverses.<\/p>\n<p><iframe src=\"https:\/\/globalnews.ca\/video\/embed\/1690838\/\" width=\"670\" height=\"437\" frameborder=\"0\" allowfullscreen=\"allowfullscreen\">Your browser does not support frames. <a href=\"https:\/\/globalnews.ca\/video\/1690838\/quebec-needs-multiculturalism-legislation\">Click here to view the frameless video.<\/a>.<\/iframe><\/p>\n<p>Par ailleurs, l&rsquo;exp\u00e9rience europ\u00e9enne, notamment le mouvement centr\u00e9 sur la notion de villes interculturelles, permet de constater que les villes constituent un terrain particuli\u00e8rement fertile pour la mise en \u0153uvre d&rsquo;approches interculturelles. Les auteurs en concluent donc que les municipalit\u00e9s qu\u00e9b\u00e9coises, surtout mais pas exclusivement dans la r\u00e9gion montr\u00e9alaise, devraient appliquer des politiques et des programmes interculturels afin, entre autres, d&rsquo;encourager le rapprochement et de faciliter l&rsquo;inclusion des citoyens de toutes origines.<\/p>\n<p>Les auteurs recommandent \u00e9galement que le gouvernement du Qu\u00e9bec explique, dans un Livre blanc, le sens \u00e0 donner \u00e0 la notion d&rsquo;interculturalisme. Par la suite, il devrait se doter d&rsquo;un \u00e9nonc\u00e9 de politique, voire d&rsquo;une loi, qui pr\u00e9cise ses objectifs en mati\u00e8re de diversit\u00e9 et d&rsquo;interculturalisme, et les modalit\u00e9s de leur mise en \u0153uvre. Ce cadre g\u00e9n\u00e9ral devrait structurer l&rsquo;interculturalisme dans une perspective allant au-del\u00e0 de l&rsquo;immigration et des enjeux propres au pluralisme religieux. De plus, la politique qu\u00e9b\u00e9coise devrait reconna\u00eetre l&rsquo;importance du r\u00f4le jou\u00e9 par les municipalit\u00e9s dans la dynamique du rapprochement interculturel, entre autres en soutenant la cr\u00e9ation d&rsquo;un r\u00e9seau de villes interculturelles et en favorisant une concertation accrue entre les diff\u00e9rents paliers de gouvernement.<\/p>","protected":false},"excerpt":{"rendered":"<p>Face \u00e0 la diversit\u00e9 grandissante de leurs populations, les soci\u00e9t\u00e9s occidentales ont adopt\u00e9 diff\u00e9rentes approches pour favoriser l&rsquo;int\u00e9gration des immigrants et de leurs descendants. Parfois, ces approches varient au sein d&rsquo;un m\u00eame pays \u2013 comme c&rsquo;est le cas du Canada. Le gouvernement f\u00e9d\u00e9ral y applique depuis 1971 une politique de multiculturalisme, alors que le Qu\u00e9bec [&hellip;]<\/p>\n","protected":false},"featured_media":3514,"template":"","meta":{"content-type":""},"categories":[],"tags":[],"class_list":["post-9819","research-studies","type-research-studies","status-publish","has-post-thumbnail","hentry"],"acf":[],"yoast_head":"<!-- This site is optimized with the Yoast SEO plugin v15.7 - https:\/\/yoast.com\/wordpress\/plugins\/seo\/ -->\n<meta name=\"description\" content=\"Pour favoriser le dialogue et le rapprochement entre citoyens de toutes origines, le Qu\u00e9bec devrait adopter une politique cadre sur l\u2019interculturalisme.\" \/>\n<meta name=\"robots\" content=\"index, follow, max-snippet:-1, max-image-preview:large, max-video-preview:-1\" \/>\n<link rel=\"canonical\" href=\"https:\/\/irpp.org\/fr\/research-studies\/linterculturalisme-quebecois-dans-le-contexte-du-multiculturalisme-canadien\/\" \/>\n<meta property=\"og:locale\" content=\"fr_FR\" \/>\n<meta property=\"og:type\" content=\"article\" \/>\n<meta property=\"og:title\" content=\"L&#039;interculturalisme qu\u00e9b\u00e9cois dans le contexte du multiculturalisme canadien\" \/>\n<meta property=\"og:description\" content=\"Pour favoriser le dialogue et le rapprochement entre citoyens de toutes origines, le Qu\u00e9bec devrait adopter une politique cadre sur l\u2019interculturalisme.\" \/>\n<meta property=\"og:url\" content=\"https:\/\/irpp.org\/fr\/research-studies\/linterculturalisme-quebecois-dans-le-contexte-du-multiculturalisme-canadien\/\" \/>\n<meta property=\"og:site_name\" content=\"IRPP\" \/>\n<meta property=\"article:publisher\" content=\"https:\/\/www.facebook.com\/IRPP.org\" \/>\n<meta property=\"article:modified_time\" content=\"2018-06-12T15:56:26+00:00\" \/>\n<meta property=\"og:image\" content=\"https:\/\/irpp.org\/wp-content\/uploads\/2014\/11\/friendship.jpg\" \/>\n\t<meta property=\"og:image:width\" content=\"300\" \/>\n\t<meta property=\"og:image:height\" content=\"160\" \/>\n<meta name=\"twitter:card\" content=\"summary_large_image\" \/>\n<meta name=\"twitter:site\" content=\"@irpp\" \/>\n<meta name=\"twitter:label1\" content=\"Dur\u00e9e de lecture est.\">\n\t<meta name=\"twitter:data1\" content=\"2 minutes\">\n<script type=\"application\/ld+json\" class=\"yoast-schema-graph\">{\"@context\":\"https:\/\/schema.org\",\"@graph\":[{\"@type\":\"WebSite\",\"@id\":\"https:\/\/irpp.org\/#website\",\"url\":\"https:\/\/irpp.org\/\",\"name\":\"IRPP\",\"description\":\"Institute for Research on Public Policy\",\"potentialAction\":[{\"@type\":\"SearchAction\",\"target\":\"https:\/\/irpp.org\/?s={search_term_string}\",\"query-input\":\"required name=search_term_string\"}],\"inLanguage\":\"fr-FR\"},{\"@type\":\"ImageObject\",\"@id\":\"https:\/\/irpp.org\/fr\/research-studies\/linterculturalisme-quebecois-dans-le-contexte-du-multiculturalisme-canadien\/#primaryimage\",\"inLanguage\":\"fr-FR\",\"url\":\"https:\/\/irpp.org\/wp-content\/uploads\/2014\/11\/friendship.jpg\",\"width\":300,\"height\":160},{\"@type\":\"WebPage\",\"@id\":\"https:\/\/irpp.org\/fr\/research-studies\/linterculturalisme-quebecois-dans-le-contexte-du-multiculturalisme-canadien\/#webpage\",\"url\":\"https:\/\/irpp.org\/fr\/research-studies\/linterculturalisme-quebecois-dans-le-contexte-du-multiculturalisme-canadien\/\",\"name\":\"L'interculturalisme qu\\u00e9b\\u00e9cois dans le contexte du multiculturalisme canadien\",\"isPartOf\":{\"@id\":\"https:\/\/irpp.org\/#website\"},\"primaryImageOfPage\":{\"@id\":\"https:\/\/irpp.org\/fr\/research-studies\/linterculturalisme-quebecois-dans-le-contexte-du-multiculturalisme-canadien\/#primaryimage\"},\"datePublished\":\"2014-11-25T11:30:42+00:00\",\"dateModified\":\"2018-06-12T15:56:26+00:00\",\"description\":\"Pour favoriser le dialogue et le rapprochement entre citoyens de toutes origines, le Qu\\u00e9bec devrait adopter une politique cadre sur l\\u2019interculturalisme.\",\"inLanguage\":\"fr-FR\",\"potentialAction\":[{\"@type\":\"ReadAction\",\"target\":[\"https:\/\/irpp.org\/fr\/research-studies\/linterculturalisme-quebecois-dans-le-contexte-du-multiculturalisme-canadien\/\"]}]}]}<\/script>\n<!-- \/ Yoast SEO plugin. -->","distributor_meta":false,"distributor_terms":false,"distributor_media":false,"distributor_original_site_name":"IRPP","distributor_original_site_url":"https:\/\/irpp.org\/fr\/","push-errors":false,"_links":{"self":[{"href":"https:\/\/irpp.org\/fr\/wp-json\/wp\/v2\/research-studies\/9819","targetHints":{"allow":["GET"]}}],"collection":[{"href":"https:\/\/irpp.org\/fr\/wp-json\/wp\/v2\/research-studies"}],"about":[{"href":"https:\/\/irpp.org\/fr\/wp-json\/wp\/v2\/types\/research-studies"}],"version-history":[{"count":0,"href":"https:\/\/irpp.org\/fr\/wp-json\/wp\/v2\/research-studies\/9819\/revisions"}],"wp:featuredmedia":[{"embeddable":true,"href":"https:\/\/irpp.org\/fr\/wp-json\/wp\/v2\/media\/3514"}],"wp:attachment":[{"href":"https:\/\/irpp.org\/fr\/wp-json\/wp\/v2\/media?parent=9819"}],"wp:term":[{"taxonomy":"category","embeddable":true,"href":"https:\/\/irpp.org\/fr\/wp-json\/wp\/v2\/categories?post=9819"},{"taxonomy":"post_tag","embeddable":true,"href":"https:\/\/irpp.org\/fr\/wp-json\/wp\/v2\/tags?post=9819"}],"curies":[{"name":"wp","href":"https:\/\/api.w.org\/{rel}","templated":true}]}}

L&rsquo;interculturalisme québécois dans le contexte du multiculturalisme canadien

<p>Face à la diversité grandissante de leurs populations, les sociétés occidentales ont adopté différentes approches pour favoriser l&rsquo;intégration des immigrants et de leurs descendants. Parfois, ces approches varient au sein d&rsquo;un même pays – comme c&rsquo;est le cas du Canada. Le gouvernement fédéral y applique depuis 1971 une politique de multiculturalisme, alors que le Québec a plutôt opté pour l&rsquo;interculturalisme qui, sans être une politique officielle, se reflète dans certains programmes et occupe une place importante dans les débats publics sur la gestion de la diversité ethnoculturelle.</p>
<p>Comme l&rsquo;illustrent François Rocher et Bob White dans cette étude, il existe, sous l&rsquo;angle des politiques publiques, plusieurs similitudes entre le multiculturalisme et l&rsquo;interculturalisme. Les deux approches favorisent notamment la cohésion, la participation équitable et la lutte contre le racisme et la discrimination. En même temps, les deux modèles reflètent deux trajectoires historiques distinctes mais interreliées. Le multiculturalisme se déploie dans un Canada bilingue, est enchâssé dans la Charte canadienne des droits et libertés et a fait l&rsquo;objet d&rsquo;une législation. Au Québec, l&rsquo;interculturalisme s&rsquo;inscrit dans le cadre de la politique d&rsquo;immigration et ne jouit d&rsquo;aucun statut juridique. Or la notion d&rsquo;interculturalisme et les politiques qui s&rsquo;en réclament sont souvent mal comprises et sources de controverses.</p>
<p><iframe src="https://globalnews.ca/video/embed/1690838/" width="670" height="437" frameborder="0" allowfullscreen="allowfullscreen">Your browser does not support frames. <a href="https://globalnews.ca/video/1690838/quebec-needs-multiculturalism-legislation">Click here to view the frameless video.</a>.</iframe></p>
<p>Par ailleurs, l&rsquo;expérience européenne, notamment le mouvement centré sur la notion de villes interculturelles, permet de constater que les villes constituent un terrain particulièrement fertile pour la mise en œuvre d&rsquo;approches interculturelles. Les auteurs en concluent donc que les municipalités québécoises, surtout mais pas exclusivement dans la région montréalaise, devraient appliquer des politiques et des programmes interculturels afin, entre autres, d&rsquo;encourager le rapprochement et de faciliter l&rsquo;inclusion des citoyens de toutes origines.</p>
<p>Les auteurs recommandent également que le gouvernement du Québec explique, dans un Livre blanc, le sens à donner à la notion d&rsquo;interculturalisme. Par la suite, il devrait se doter d&rsquo;un énoncé de politique, voire d&rsquo;une loi, qui précise ses objectifs en matière de diversité et d&rsquo;interculturalisme, et les modalités de leur mise en œuvre. Ce cadre général devrait structurer l&rsquo;interculturalisme dans une perspective allant au-delà de l&rsquo;immigration et des enjeux propres au pluralisme religieux. De plus, la politique québécoise devrait reconnaître l&rsquo;importance du rôle joué par les municipalités dans la dynamique du rapprochement interculturel, entre autres en soutenant la création d&rsquo;un réseau de villes interculturelles et en favorisant une concertation accrue entre les différents paliers de gouvernement.</p>

<p>Face à la diversité grandissante de leurs populations, les sociétés occidentales ont adopté différentes approches pour favoriser l&rsquo;intégration des immigrants et de leurs descendants. Parfois, ces approches varient au sein d&rsquo;un même pays – comme c&rsquo;est le cas du Canada. Le gouvernement fédéral y applique depuis 1971 une politique de multiculturalisme, alors que le Québec [&hellip;]</p>

<!-- This site is optimized with the Yoast SEO plugin v15.7 - https://yoast.com/wordpress/plugins/seo/ -->
<meta name="description" content="Pour favoriser le dialogue et le rapprochement entre citoyens de toutes origines, le Québec devrait adopter une politique cadre sur l’interculturalisme." />
<meta name="robots" content="index, follow, max-snippet:-1, max-image-preview:large, max-video-preview:-1" />
<link rel="canonical" href="https://irpp.org/fr/research-studies/linterculturalisme-quebecois-dans-le-contexte-du-multiculturalisme-canadien/" />
<meta property="og:locale" content="fr_FR" />
<meta property="og:type" content="article" />
<meta property="og:title" content="L&#039;interculturalisme québécois dans le contexte du multiculturalisme canadien" />
<meta property="og:description" content="Pour favoriser le dialogue et le rapprochement entre citoyens de toutes origines, le Québec devrait adopter une politique cadre sur l’interculturalisme." />
<meta property="og:url" content="https://irpp.org/fr/research-studies/linterculturalisme-quebecois-dans-le-contexte-du-multiculturalisme-canadien/" />
<meta property="og:site_name" content="IRPP" />
<meta property="article:publisher" content="https://www.facebook.com/IRPP.org" />
<meta property="article:modified_time" content="2018-06-12T15:56:26+00:00" />
<meta property="og:image" content="https://irpp.org/wp-content/uploads/2014/11/friendship.jpg" />
	<meta property="og:image:width" content="300" />
	<meta property="og:image:height" content="160" />
<meta name="twitter:card" content="summary_large_image" />
<meta name="twitter:site" content="@irpp" />
<meta name="twitter:label1" content="Durée de lecture est.">
	<meta name="twitter:data1" content="2 minutes">
<script type="application/ld+json" class="yoast-schema-graph">{"@context":"https://schema.org","@graph":[{"@type":"WebSite","@id":"https://irpp.org/#website","url":"https://irpp.org/","name":"IRPP","description":"Institute for Research on Public Policy","potentialAction":[{"@type":"SearchAction","target":"https://irpp.org/?s={search_term_string}","query-input":"required name=search_term_string"}],"inLanguage":"fr-FR"},{"@type":"ImageObject","@id":"https://irpp.org/fr/research-studies/linterculturalisme-quebecois-dans-le-contexte-du-multiculturalisme-canadien/#primaryimage","inLanguage":"fr-FR","url":"https://irpp.org/wp-content/uploads/2014/11/friendship.jpg","width":300,"height":160},{"@type":"WebPage","@id":"https://irpp.org/fr/research-studies/linterculturalisme-quebecois-dans-le-contexte-du-multiculturalisme-canadien/#webpage","url":"https://irpp.org/fr/research-studies/linterculturalisme-quebecois-dans-le-contexte-du-multiculturalisme-canadien/","name":"L'interculturalisme qu\u00e9b\u00e9cois dans le contexte du multiculturalisme canadien","isPartOf":{"@id":"https://irpp.org/#website"},"primaryImageOfPage":{"@id":"https://irpp.org/fr/research-studies/linterculturalisme-quebecois-dans-le-contexte-du-multiculturalisme-canadien/#primaryimage"},"datePublished":"2014-11-25T11:30:42+00:00","dateModified":"2018-06-12T15:56:26+00:00","description":"Pour favoriser le dialogue et le rapprochement entre citoyens de toutes origines, le Qu\u00e9bec devrait adopter une politique cadre sur l\u2019interculturalisme.","inLanguage":"fr-FR","potentialAction":[{"@type":"ReadAction","target":["https://irpp.org/fr/research-studies/linterculturalisme-quebecois-dans-le-contexte-du-multiculturalisme-canadien/"]}]}]}</script>
<!-- / Yoast SEO plugin. -->
