{"id":9332,"date":"2002-01-29T00:00:00","date_gmt":"2002-01-29T05:00:00","guid":{"rendered":"http:\/\/irpp.org\/research-studies\/retablir-le-principe-federal\/"},"modified":"2017-12-04T13:14:57","modified_gmt":"2017-12-04T18:14:57","slug":"retablir-le-principe-federal","status":"publish","type":"research-studies","link":"https:\/\/irpp.org\/fr\/research-studies\/retablir-le-principe-federal\/","title":{"rendered":"R\u00e9tablir le principe f\u00e9d\u00e9ral"},"content":{"rendered":"<p style=\"text-align: right;\">Cette \u00e9tude a \u00e9t\u00e9 traduite <a href=\"https:\/\/irpp.org\/wp-content\/uploads\/assets\/research\/canadian-federalism\/new-research-article-2\/pmvol3no1.pdf\">en anglais<\/a>.<\/p>\n<p>Dans cette \u00e9tude, Christian Dufour analyse le contexte politique qui a men\u00e9 \u00e0 la signature de l&rsquo;Entente-cadre sur l&rsquo;union sociale (ECUS), en f\u00e9vrier 1999, les d\u00e9veloppements politiques r\u00e9cents sur la sc\u00e8ne intergouvernementale ainsi que les possibilit\u00e9s de renouvellement de l&rsquo;entente, dans la perspective du Qu\u00e9bec. Il soutient que l&rsquo;ECUS constitue la plus r\u00e9cente manifestation du blocage Canada-Qu\u00e9bec qui date du rapatriement de la constitution canadienne, en 1982, sans le consentement du gouvernement du Qu\u00e9bec. L&rsquo;ECUS r\u00e9v\u00e8le de nouveau l&rsquo;incapacit\u00e9 du syst\u00e8me politique canadien \u00e0 int\u00e9grer la vision sp\u00e9ci- fiquement qu\u00e9b\u00e9coise du f\u00e9d\u00e9ralisme et du Canada. L&rsquo;auteur consid\u00e8re que le pourrissement du probl\u00e8me qu\u00e9b\u00e9cois a des cons\u00e9quences de plus en plus n\u00e9gatives sur l&rsquo;ensemble du pays et qu&rsquo;il constitue le plus grave probl\u00e8me auquel le Canada est confront\u00e9.<\/p>\n<p>Bien que la conjoncture politique actuelle demeure d\u00e9favorable \u00e0 tout d\u00e9blocage, l&rsquo;auteur identifie certaines pistes susceptibles de mener \u00e0 une dynamique nouvelle. Mais il est peu probable que ces facteurs conjoncturels r\u00e8gleront \u00e0 eux seuls le fond du probl\u00e8me. Pour ce faire, dit-il, le reste du Canada, y compris le gouvernement f\u00e9d\u00e9ral, devra reconna\u00eetre la sp\u00e9cificit\u00e9 du Qu\u00e9bec, dans le prolongement de la D\u00e9claration de Calgary et de la motion sur la soci\u00e9t\u00e9 distincte adopt\u00e9e en d\u00e9cembre 1995, et en accepter les implications concr\u00e8tes, que ce soit le droit de retrait, l&rsquo;asym\u00e9trie, ou plus simplement le droit \u00e0 la diff\u00e9rence. Ce n&rsquo;est qu&rsquo;en tant que robuste soci\u00e9t\u00e9 distincte que le Qu\u00e9bec pourra participer de fa\u00e7on constructive au renforcement de l&rsquo;union sociale cana- dienne et faire b\u00e9n\u00e9ficier le pays de son dynamisme. Mais surtout l&rsquo;auteur insiste sur le fait qu&rsquo;un principe f\u00e9d\u00e9ral fort suppose la s\u00e9paration aussi bien que le partage de la souverainet\u00e9 et que cet \u00e9l\u00e9ment fondamental de s\u00e9paration est vital pour le Qu\u00e9bec.<\/p>\n<p>De son c\u00f4t\u00e9, le Qu\u00e9bec devra devenir un participant \u00e0 part enti\u00e8re des relations intergouvernementales canadiennes : ce n&rsquo;est pas parce qu&rsquo;il n&rsquo;a pas sign\u00e9 l&rsquo;ECUS qu&rsquo;il n&rsquo;est pas dans le Canada, qu&rsquo;il n&rsquo;est pas dans la f\u00e9d\u00e9ration et qu&rsquo;il ne doit pas intervenir dans les applications sociales du f\u00e9d\u00e9ralisme. Particuli\u00e8rement innovateur et dynamique en mati\u00e8re de politiques sociales au cours des derni\u00e8res ann\u00e9es, il jouit de la cr\u00e9dibilit\u00e9 n\u00e9cessaire pour faire valoir ses vues de fa\u00e7on efficace dans les diff\u00e9rents forums intergouvernementaux. Il devra aussi adapter ses positions constitutionnelles traditionnelles \u00e0 la r\u00e9alit\u00e9 de 2002 et prendre s\u00e9rieusement en consid\u00e9ration le fait que le partage des comp\u00e9tences n&rsquo;implique pas des sph\u00e8res d&rsquo;action aussi \u00e9tanches que par le pass\u00e9.<\/p>\n<p>En d\u00e9finitive, l&rsquo;ECUS ne constitue pas pour le Canada le d\u00e9veloppe- ment historique que certains ont voulu y voir. Elle est trop conjoncturelle et comporte en outre de s\u00e9rieuses lacunes et contradictions. De plus, parce que le Qu\u00e9bec n&rsquo;y souscrit pas, elle appara\u00eet clairement d\u00e9ficiente comme \u00e9l\u00e9- ment de construction d&rsquo;un projet national canadien renouvel\u00e9.<\/p>","protected":false},"excerpt":{"rendered":"<p>Cette \u00e9tude a \u00e9t\u00e9 traduite en anglais. Dans cette \u00e9tude, Christian Dufour analyse le contexte politique qui a men\u00e9 \u00e0 la signature de l&rsquo;Entente-cadre sur l&rsquo;union sociale (ECUS), en f\u00e9vrier 1999, les d\u00e9veloppements politiques r\u00e9cents sur la sc\u00e8ne intergouvernementale ainsi que les possibilit\u00e9s de renouvellement de l&rsquo;entente, dans la perspective du Qu\u00e9bec. Il soutient que [&hellip;]<\/p>\n","protected":false},"featured_media":0,"template":"","meta":{"content-type":""},"categories":[],"tags":[],"class_list":["post-9332","research-studies","type-research-studies","status-publish","hentry"],"acf":[],"yoast_head":"<!-- This site is optimized with the Yoast SEO plugin v15.7 - https:\/\/yoast.com\/wordpress\/plugins\/seo\/ -->\n<meta name=\"description\" content=\"Quebec should re-engage in intergovernmental discussions to defend true federal principles.\" \/>\n<meta name=\"robots\" content=\"index, follow, max-snippet:-1, max-image-preview:large, max-video-preview:-1\" \/>\n<link rel=\"canonical\" href=\"https:\/\/irpp.org\/fr\/research-studies\/retablir-le-principe-federal\/\" \/>\n<meta property=\"og:locale\" content=\"fr_FR\" \/>\n<meta property=\"og:type\" content=\"article\" \/>\n<meta property=\"og:title\" content=\"Restoring the Federal Principle: Quebec in the Canadian Social Union\" \/>\n<meta property=\"og:description\" content=\"Quebec should re-engage in intergovernmental discussions to defend true federal principles.\" \/>\n<meta property=\"og:url\" content=\"https:\/\/irpp.org\/fr\/research-studies\/retablir-le-principe-federal\/\" \/>\n<meta property=\"og:site_name\" content=\"IRPP\" \/>\n<meta property=\"article:publisher\" content=\"https:\/\/www.facebook.com\/IRPP.org\" \/>\n<meta property=\"article:modified_time\" content=\"2017-12-04T18:14:57+00:00\" \/>\n<meta name=\"twitter:card\" content=\"summary_large_image\" \/>\n<meta name=\"twitter:site\" content=\"@irpp\" \/>\n<meta name=\"twitter:label1\" content=\"Dur\u00e9e de lecture est.\">\n\t<meta name=\"twitter:data1\" content=\"3 minutes\">\n<script type=\"application\/ld+json\" class=\"yoast-schema-graph\">{\"@context\":\"https:\/\/schema.org\",\"@graph\":[{\"@type\":\"WebSite\",\"@id\":\"https:\/\/irpp.org\/#website\",\"url\":\"https:\/\/irpp.org\/\",\"name\":\"IRPP\",\"description\":\"Institute for Research on Public Policy\",\"potentialAction\":[{\"@type\":\"SearchAction\",\"target\":\"https:\/\/irpp.org\/?s={search_term_string}\",\"query-input\":\"required name=search_term_string\"}],\"inLanguage\":\"fr-FR\"},{\"@type\":\"WebPage\",\"@id\":\"https:\/\/irpp.org\/fr\/research-studies\/retablir-le-principe-federal\/#webpage\",\"url\":\"https:\/\/irpp.org\/fr\/research-studies\/retablir-le-principe-federal\/\",\"name\":\"Restoring the Federal Principle: Quebec in the Canadian Social Union\",\"isPartOf\":{\"@id\":\"https:\/\/irpp.org\/#website\"},\"datePublished\":\"2002-01-29T05:00:00+00:00\",\"dateModified\":\"2017-12-04T18:14:57+00:00\",\"description\":\"Quebec should re-engage in intergovernmental discussions to defend true federal principles.\",\"inLanguage\":\"fr-FR\",\"potentialAction\":[{\"@type\":\"ReadAction\",\"target\":[\"https:\/\/irpp.org\/fr\/research-studies\/retablir-le-principe-federal\/\"]}]}]}<\/script>\n<!-- \/ Yoast SEO plugin. -->","distributor_meta":false,"distributor_terms":false,"distributor_media":false,"distributor_original_site_name":"IRPP","distributor_original_site_url":"https:\/\/irpp.org\/fr\/","push-errors":false,"_links":{"self":[{"href":"https:\/\/irpp.org\/fr\/wp-json\/wp\/v2\/research-studies\/9332","targetHints":{"allow":["GET"]}}],"collection":[{"href":"https:\/\/irpp.org\/fr\/wp-json\/wp\/v2\/research-studies"}],"about":[{"href":"https:\/\/irpp.org\/fr\/wp-json\/wp\/v2\/types\/research-studies"}],"version-history":[{"count":0,"href":"https:\/\/irpp.org\/fr\/wp-json\/wp\/v2\/research-studies\/9332\/revisions"}],"wp:attachment":[{"href":"https:\/\/irpp.org\/fr\/wp-json\/wp\/v2\/media?parent=9332"}],"wp:term":[{"taxonomy":"category","embeddable":true,"href":"https:\/\/irpp.org\/fr\/wp-json\/wp\/v2\/categories?post=9332"},{"taxonomy":"post_tag","embeddable":true,"href":"https:\/\/irpp.org\/fr\/wp-json\/wp\/v2\/tags?post=9332"}],"curies":[{"name":"wp","href":"https:\/\/api.w.org\/{rel}","templated":true}]}}

Rétablir le principe fédéral

<p style="text-align: right;">Cette étude a été traduite <a href="https://irpp.org/wp-content/uploads/assets/research/canadian-federalism/new-research-article-2/pmvol3no1.pdf">en anglais</a>.</p>
<p>Dans cette étude, Christian Dufour analyse le contexte politique qui a mené à la signature de l&rsquo;Entente-cadre sur l&rsquo;union sociale (ECUS), en février 1999, les développements politiques récents sur la scène intergouvernementale ainsi que les possibilités de renouvellement de l&rsquo;entente, dans la perspective du Québec. Il soutient que l&rsquo;ECUS constitue la plus récente manifestation du blocage Canada-Québec qui date du rapatriement de la constitution canadienne, en 1982, sans le consentement du gouvernement du Québec. L&rsquo;ECUS révèle de nouveau l&rsquo;incapacité du système politique canadien à intégrer la vision spéci- fiquement québécoise du fédéralisme et du Canada. L&rsquo;auteur considère que le pourrissement du problème québécois a des conséquences de plus en plus négatives sur l&rsquo;ensemble du pays et qu&rsquo;il constitue le plus grave problème auquel le Canada est confronté.</p>
<p>Bien que la conjoncture politique actuelle demeure défavorable à tout déblocage, l&rsquo;auteur identifie certaines pistes susceptibles de mener à une dynamique nouvelle. Mais il est peu probable que ces facteurs conjoncturels règleront à eux seuls le fond du problème. Pour ce faire, dit-il, le reste du Canada, y compris le gouvernement fédéral, devra reconnaître la spécificité du Québec, dans le prolongement de la Déclaration de Calgary et de la motion sur la société distincte adoptée en décembre 1995, et en accepter les implications concrètes, que ce soit le droit de retrait, l&rsquo;asymétrie, ou plus simplement le droit à la différence. Ce n&rsquo;est qu&rsquo;en tant que robuste société distincte que le Québec pourra participer de façon constructive au renforcement de l&rsquo;union sociale cana- dienne et faire bénéficier le pays de son dynamisme. Mais surtout l&rsquo;auteur insiste sur le fait qu&rsquo;un principe fédéral fort suppose la séparation aussi bien que le partage de la souveraineté et que cet élément fondamental de séparation est vital pour le Québec.</p>
<p>De son côté, le Québec devra devenir un participant à part entière des relations intergouvernementales canadiennes : ce n&rsquo;est pas parce qu&rsquo;il n&rsquo;a pas signé l&rsquo;ECUS qu&rsquo;il n&rsquo;est pas dans le Canada, qu&rsquo;il n&rsquo;est pas dans la fédération et qu&rsquo;il ne doit pas intervenir dans les applications sociales du fédéralisme. Particulièrement innovateur et dynamique en matière de politiques sociales au cours des dernières années, il jouit de la crédibilité nécessaire pour faire valoir ses vues de façon efficace dans les différents forums intergouvernementaux. Il devra aussi adapter ses positions constitutionnelles traditionnelles à la réalité de 2002 et prendre sérieusement en considération le fait que le partage des compétences n&rsquo;implique pas des sphères d&rsquo;action aussi étanches que par le passé.</p>
<p>En définitive, l&rsquo;ECUS ne constitue pas pour le Canada le développe- ment historique que certains ont voulu y voir. Elle est trop conjoncturelle et comporte en outre de sérieuses lacunes et contradictions. De plus, parce que le Québec n&rsquo;y souscrit pas, elle apparaît clairement déficiente comme élé- ment de construction d&rsquo;un projet national canadien renouvelé.</p>

<p>Cette étude a été traduite en anglais. Dans cette étude, Christian Dufour analyse le contexte politique qui a mené à la signature de l&rsquo;Entente-cadre sur l&rsquo;union sociale (ECUS), en février 1999, les développements politiques récents sur la scène intergouvernementale ainsi que les possibilités de renouvellement de l&rsquo;entente, dans la perspective du Québec. Il soutient que [&hellip;]</p>

<!-- This site is optimized with the Yoast SEO plugin v15.7 - https://yoast.com/wordpress/plugins/seo/ -->
<meta name="description" content="Quebec should re-engage in intergovernmental discussions to defend true federal principles." />
<meta name="robots" content="index, follow, max-snippet:-1, max-image-preview:large, max-video-preview:-1" />
<link rel="canonical" href="https://irpp.org/fr/research-studies/retablir-le-principe-federal/" />
<meta property="og:locale" content="fr_FR" />
<meta property="og:type" content="article" />
<meta property="og:title" content="Restoring the Federal Principle: Quebec in the Canadian Social Union" />
<meta property="og:description" content="Quebec should re-engage in intergovernmental discussions to defend true federal principles." />
<meta property="og:url" content="https://irpp.org/fr/research-studies/retablir-le-principe-federal/" />
<meta property="og:site_name" content="IRPP" />
<meta property="article:publisher" content="https://www.facebook.com/IRPP.org" />
<meta property="article:modified_time" content="2017-12-04T18:14:57+00:00" />
<meta name="twitter:card" content="summary_large_image" />
<meta name="twitter:site" content="@irpp" />
<meta name="twitter:label1" content="Durée de lecture est.">
	<meta name="twitter:data1" content="3 minutes">
<script type="application/ld+json" class="yoast-schema-graph">{"@context":"https://schema.org","@graph":[{"@type":"WebSite","@id":"https://irpp.org/#website","url":"https://irpp.org/","name":"IRPP","description":"Institute for Research on Public Policy","potentialAction":[{"@type":"SearchAction","target":"https://irpp.org/?s={search_term_string}","query-input":"required name=search_term_string"}],"inLanguage":"fr-FR"},{"@type":"WebPage","@id":"https://irpp.org/fr/research-studies/retablir-le-principe-federal/#webpage","url":"https://irpp.org/fr/research-studies/retablir-le-principe-federal/","name":"Restoring the Federal Principle: Quebec in the Canadian Social Union","isPartOf":{"@id":"https://irpp.org/#website"},"datePublished":"2002-01-29T05:00:00+00:00","dateModified":"2017-12-04T18:14:57+00:00","description":"Quebec should re-engage in intergovernmental discussions to defend true federal principles.","inLanguage":"fr-FR","potentialAction":[{"@type":"ReadAction","target":["https://irpp.org/fr/research-studies/retablir-le-principe-federal/"]}]}]}</script>
<!-- / Yoast SEO plugin. -->
