{"id":9315,"date":"2008-10-30T00:00:00","date_gmt":"2008-10-30T04:00:00","guid":{"rendered":"http:\/\/irpp.org\/research-studies\/en-fr\/"},"modified":"2018-06-20T16:58:23","modified_gmt":"2018-06-20T20:58:23","slug":"the-unpeaceable-kingdom","status":"publish","type":"research-studies","link":"https:\/\/irpp.org\/fr\/research-studies\/the-unpeaceable-kingdom\/","title":{"rendered":"The (Un)Peaceable Kingdom?"},"content":{"rendered":"<p>Le Canada a une longue histoire de violence politique et n\u2019a pas \u00e9t\u00e9 \u00e0 l\u2019abri des grandes tendances qui ont fa\u00e7onn\u00e9 le terrorisme de la seconde moiti\u00e9 du XXe si\u00e8cle : d\u00e9colonisation, guerre froide, r\u00e9volutions des transports et des m\u00e9dias. Ces tendances ont engendr\u00e9 un terrorisme essentiellement fond\u00e9 sur le nationalisme, inspir\u00e9 du \u00ab culte de la gu\u00e9rilla \u00bb et soutenu par certains \u00c9tats, d\u2019une port\u00e9e et d\u2019une incidence mondiales et d\u2019une force de frappe de plus en plus mortelle. Mais \u00e0 quelques exceptions pr\u00e8s, les actes terroristes ont \u00e9t\u00e9 plus rares au Canada et y ont caus\u00e9 moins de morts et de perturbations que dans de nombreux autres pays. Parmi ces exceptions figurent la campagne du FLQ (1963-1970) et l\u2019explosion d\u2019un avion d\u2019Air India (1985). L\u2019\u00c9tat canadien a n\u00e9anmoins r\u00e9agi avec fermet\u00e9 et m\u00eame avec rigueur \u00e0 ces actes terroristes d\u2019envergure, selon une approche largement soutenue par le public. Mais entre la Crise d\u2019octobre (1970) et le 11 septembre 2001, les Canadiens se sont sentis peu menac\u00e9s par le terrorisme. De sorte que, malgr\u00e9 l\u2019avis des milieux du renseignement et de la s\u00e9curit\u00e9, ni le Parlement ni la population n\u2019ont accord\u00e9 une haute priorit\u00e9 \u00e0 la lutte contre le terrorisme, qui semblait donc politiquement infond\u00e9e. Si bien que nos instruments structurels, juridiques et politiques n\u2019ont pas toujours \u00e9t\u00e9 adapt\u00e9s \u00e0 cette lutte et n\u2019ont pas n\u00e9cessairement \u00e9volu\u00e9 au rythme des mutations du terrorisme international.<\/p>\n<p>Nous pouvons retenir quelques le\u00e7ons de cette exp\u00e9rience historique. Premi\u00e8rement, l\u2019absence de grave menace int\u00e9rieure importera peu aux \u00c9tats-Unis s\u2019ils jugent que nous avons n\u00e9glig\u00e9 d\u2019adopter des mesures efficaces pour r\u00e9duire leur vuln\u00e9rabilit\u00e9 aux attaques \u00e9manant de notre territoire. L\u2019affaire Ressam (1999) a servi \u00e0 cet \u00e9gard de s\u00e9rieux avertissement. M\u00eame en cas de menace intermittente, le Canada doit donc convaincre les \u00c9tats-Unis qu\u2019il traite le probl\u00e8me s\u00e9rieusement, c\u2019est-\u00e0-dire en pr\u00eatant attention \u00e0 tous les aspects des pr\u00e9paratifs antiterroristes : c\u2019est en effet <em>avant <\/em>l\u2019apparition d\u2019une menace qu\u2019on peut le mieux g\u00e9rer ces aspects. Deuxi\u00e8mement, nous ne pouvons pr\u00e9voir toutes les menaces et prot\u00e9ger toutes leurs cibles. Il s\u2019agit donc de g\u00e9rer les risques et d\u2019investir des ressources contre les menaces les plus prob- ables. D\u2019o\u00f9 le r\u00f4le d\u00e9cisif du renseignement de s\u00e9curit\u00e9, qui ne peut toutefois se confiner au territoire canadien puisque le terrorisme est souvent inspir\u00e9 ou t\u00e9l\u00e9guid\u00e9 de l\u2019\u00e9tranger. C\u2019est pourquoi nos dirigeants politiques, nos responsables de la s\u00e9curit\u00e9 et nos concitoyens doivent \u00e9tudier la possibilit\u00e9 d\u2019accro\u00eetre \u00e0 l\u2019\u00e9tranger nos capacit\u00e9s de recherche en renseignement humain. Enfin, Ottawa ne peut faire cavalier seul en mati\u00e8re d\u2019antiterrorisme int\u00e9rieur et international. \u00c0 l\u2019\u00e9chelle nationale, il doit privil\u00e9gier une approche globale qui traverse les fronti\u00e8res institutionnelles et les champs de comp\u00e9tence pour s\u2019\u00e9tendre jusqu\u2019au secteur priv\u00e9, une approche qui exige une grande coordination. Aussi le gouvernement f\u00e9d\u00e9ral doit-il prendre les devants en d\u00e9finissant des normes et des objectifs et en pr\u00e9voyant le financement qui s\u2019impose. Il est de m\u00eame indispensable qu\u2019il continue d\u2019inciter ses partenaires \u00e9trangers \u00e0 collaborer aux efforts collectifs d\u2019antiterrorisme et de s\u00e9curit\u00e9 tout en prot\u00e9geant les int\u00e9r\u00eats canadiens.<\/p>","protected":false},"excerpt":{"rendered":"<p>Le Canada a une longue histoire de violence politique et n\u2019a pas \u00e9t\u00e9 \u00e0 l\u2019abri des grandes tendances qui ont fa\u00e7onn\u00e9 le terrorisme de la seconde moiti\u00e9 du XXe si\u00e8cle : d\u00e9colonisation, guerre froide, r\u00e9volutions des transports et des m\u00e9dias. Ces tendances ont engendr\u00e9 un terrorisme essentiellement fond\u00e9 sur le nationalisme, inspir\u00e9 du \u00ab culte [&hellip;]<\/p>\n","protected":false},"featured_media":11276,"template":"","meta":{"content-type":""},"categories":[],"tags":[],"class_list":["post-9315","research-studies","type-research-studies","status-publish","has-post-thumbnail","hentry"],"acf":[],"yoast_head":"<!-- This site is optimized with the Yoast SEO plugin v15.7 - https:\/\/yoast.com\/wordpress\/plugins\/seo\/ -->\n<meta name=\"description\" content=\"The time is now for Canada to invest against terrorism, says study.\" \/>\n<meta name=\"robots\" content=\"index, follow, max-snippet:-1, max-image-preview:large, max-video-preview:-1\" \/>\n<link rel=\"canonical\" href=\"https:\/\/irpp.org\/fr\/research-studies\/the-unpeaceable-kingdom\/\" \/>\n<meta property=\"og:locale\" content=\"fr_FR\" \/>\n<meta property=\"og:type\" content=\"article\" \/>\n<meta property=\"og:title\" content=\"The (Un)Peaceable Kingdom?\" \/>\n<meta property=\"og:description\" content=\"The time is now for Canada to invest against terrorism, says study.\" \/>\n<meta property=\"og:url\" content=\"https:\/\/irpp.org\/fr\/research-studies\/the-unpeaceable-kingdom\/\" \/>\n<meta property=\"og:site_name\" content=\"IRPP\" \/>\n<meta property=\"article:publisher\" content=\"https:\/\/www.facebook.com\/IRPP.org\" \/>\n<meta property=\"article:modified_time\" content=\"2018-06-20T20:58:23+00:00\" \/>\n<meta property=\"og:image\" content=\"https:\/\/irpp.org\/wp-content\/uploads\/2008\/10\/crowd-walking.jpg\" \/>\n\t<meta property=\"og:image:width\" content=\"2000\" \/>\n\t<meta property=\"og:image:height\" content=\"700\" \/>\n<meta name=\"twitter:card\" content=\"summary_large_image\" \/>\n<meta name=\"twitter:site\" content=\"@irpp\" \/>\n<meta name=\"twitter:label1\" content=\"Dur\u00e9e de lecture est.\">\n\t<meta name=\"twitter:data1\" content=\"3 minutes\">\n<script type=\"application\/ld+json\" class=\"yoast-schema-graph\">{\"@context\":\"https:\/\/schema.org\",\"@graph\":[{\"@type\":\"WebSite\",\"@id\":\"https:\/\/irpp.org\/#website\",\"url\":\"https:\/\/irpp.org\/\",\"name\":\"IRPP\",\"description\":\"Institute for Research on Public Policy\",\"potentialAction\":[{\"@type\":\"SearchAction\",\"target\":\"https:\/\/irpp.org\/?s={search_term_string}\",\"query-input\":\"required name=search_term_string\"}],\"inLanguage\":\"fr-FR\"},{\"@type\":\"ImageObject\",\"@id\":\"https:\/\/irpp.org\/fr\/research-studies\/the-unpeaceable-kingdom\/#primaryimage\",\"inLanguage\":\"fr-FR\",\"url\":\"https:\/\/irpp.org\/wp-content\/uploads\/2008\/10\/crowd-walking.jpg\",\"width\":2000,\"height\":700},{\"@type\":\"WebPage\",\"@id\":\"https:\/\/irpp.org\/fr\/research-studies\/the-unpeaceable-kingdom\/#webpage\",\"url\":\"https:\/\/irpp.org\/fr\/research-studies\/the-unpeaceable-kingdom\/\",\"name\":\"The (Un)Peaceable Kingdom?\",\"isPartOf\":{\"@id\":\"https:\/\/irpp.org\/#website\"},\"primaryImageOfPage\":{\"@id\":\"https:\/\/irpp.org\/fr\/research-studies\/the-unpeaceable-kingdom\/#primaryimage\"},\"datePublished\":\"2008-10-30T04:00:00+00:00\",\"dateModified\":\"2018-06-20T20:58:23+00:00\",\"description\":\"The time is now for Canada to invest against terrorism, says study.\",\"inLanguage\":\"fr-FR\",\"potentialAction\":[{\"@type\":\"ReadAction\",\"target\":[\"https:\/\/irpp.org\/fr\/research-studies\/the-unpeaceable-kingdom\/\"]}]}]}<\/script>\n<!-- \/ Yoast SEO plugin. -->","distributor_meta":false,"distributor_terms":false,"distributor_media":false,"distributor_original_site_name":"IRPP","distributor_original_site_url":"https:\/\/irpp.org\/fr\/","push-errors":false,"_links":{"self":[{"href":"https:\/\/irpp.org\/fr\/wp-json\/wp\/v2\/research-studies\/9315","targetHints":{"allow":["GET"]}}],"collection":[{"href":"https:\/\/irpp.org\/fr\/wp-json\/wp\/v2\/research-studies"}],"about":[{"href":"https:\/\/irpp.org\/fr\/wp-json\/wp\/v2\/types\/research-studies"}],"version-history":[{"count":0,"href":"https:\/\/irpp.org\/fr\/wp-json\/wp\/v2\/research-studies\/9315\/revisions"}],"wp:featuredmedia":[{"embeddable":true,"href":"https:\/\/irpp.org\/fr\/wp-json\/wp\/v2\/media\/11276"}],"wp:attachment":[{"href":"https:\/\/irpp.org\/fr\/wp-json\/wp\/v2\/media?parent=9315"}],"wp:term":[{"taxonomy":"category","embeddable":true,"href":"https:\/\/irpp.org\/fr\/wp-json\/wp\/v2\/categories?post=9315"},{"taxonomy":"post_tag","embeddable":true,"href":"https:\/\/irpp.org\/fr\/wp-json\/wp\/v2\/tags?post=9315"}],"curies":[{"name":"wp","href":"https:\/\/api.w.org\/{rel}","templated":true}]}}

<p>Le Canada a une longue histoire de violence politique et n’a pas été à l’abri des grandes tendances qui ont façonné le terrorisme de la seconde moitié du XXe siècle : décolonisation, guerre froide, révolutions des transports et des médias. Ces tendances ont engendré un terrorisme essentiellement fondé sur le nationalisme, inspiré du « culte de la guérilla » et soutenu par certains États, d’une portée et d’une incidence mondiales et d’une force de frappe de plus en plus mortelle. Mais à quelques exceptions près, les actes terroristes ont été plus rares au Canada et y ont causé moins de morts et de perturbations que dans de nombreux autres pays. Parmi ces exceptions figurent la campagne du FLQ (1963-1970) et l’explosion d’un avion d’Air India (1985). L’État canadien a néanmoins réagi avec fermeté et même avec rigueur à ces actes terroristes d’envergure, selon une approche largement soutenue par le public. Mais entre la Crise d’octobre (1970) et le 11 septembre 2001, les Canadiens se sont sentis peu menacés par le terrorisme. De sorte que, malgré l’avis des milieux du renseignement et de la sécurité, ni le Parlement ni la population n’ont accordé une haute priorité à la lutte contre le terrorisme, qui semblait donc politiquement infondée. Si bien que nos instruments structurels, juridiques et politiques n’ont pas toujours été adaptés à cette lutte et n’ont pas nécessairement évolué au rythme des mutations du terrorisme international.</p>
<p>Nous pouvons retenir quelques leçons de cette expérience historique. Premièrement, l’absence de grave menace intérieure importera peu aux États-Unis s’ils jugent que nous avons négligé d’adopter des mesures efficaces pour réduire leur vulnérabilité aux attaques émanant de notre territoire. L’affaire Ressam (1999) a servi à cet égard de sérieux avertissement. Même en cas de menace intermittente, le Canada doit donc convaincre les États-Unis qu’il traite le problème sérieusement, c’est-à-dire en prêtant attention à tous les aspects des préparatifs antiterroristes : c’est en effet <em>avant </em>l’apparition d’une menace qu’on peut le mieux gérer ces aspects. Deuxièmement, nous ne pouvons prévoir toutes les menaces et protéger toutes leurs cibles. Il s’agit donc de gérer les risques et d’investir des ressources contre les menaces les plus prob- ables. D’où le rôle décisif du renseignement de sécurité, qui ne peut toutefois se confiner au territoire canadien puisque le terrorisme est souvent inspiré ou téléguidé de l’étranger. C’est pourquoi nos dirigeants politiques, nos responsables de la sécurité et nos concitoyens doivent étudier la possibilité d’accroître à l’étranger nos capacités de recherche en renseignement humain. Enfin, Ottawa ne peut faire cavalier seul en matière d’antiterrorisme intérieur et international. À l’échelle nationale, il doit privilégier une approche globale qui traverse les frontières institutionnelles et les champs de compétence pour s’étendre jusqu’au secteur privé, une approche qui exige une grande coordination. Aussi le gouvernement fédéral doit-il prendre les devants en définissant des normes et des objectifs et en prévoyant le financement qui s’impose. Il est de même indispensable qu’il continue d’inciter ses partenaires étrangers à collaborer aux efforts collectifs d’antiterrorisme et de sécurité tout en protégeant les intérêts canadiens.</p>

<p>Le Canada a une longue histoire de violence politique et n’a pas été à l’abri des grandes tendances qui ont façonné le terrorisme de la seconde moitié du XXe siècle : décolonisation, guerre froide, révolutions des transports et des médias. Ces tendances ont engendré un terrorisme essentiellement fondé sur le nationalisme, inspiré du « culte [&hellip;]</p>

<!-- This site is optimized with the Yoast SEO plugin v15.7 - https://yoast.com/wordpress/plugins/seo/ -->
<meta name="description" content="The time is now for Canada to invest against terrorism, says study." />
<meta name="robots" content="index, follow, max-snippet:-1, max-image-preview:large, max-video-preview:-1" />
<link rel="canonical" href="https://irpp.org/fr/research-studies/the-unpeaceable-kingdom/" />
<meta property="og:locale" content="fr_FR" />
<meta property="og:type" content="article" />
<meta property="og:title" content="The (Un)Peaceable Kingdom?" />
<meta property="og:description" content="The time is now for Canada to invest against terrorism, says study." />
<meta property="og:url" content="https://irpp.org/fr/research-studies/the-unpeaceable-kingdom/" />
<meta property="og:site_name" content="IRPP" />
<meta property="article:publisher" content="https://www.facebook.com/IRPP.org" />
<meta property="article:modified_time" content="2018-06-20T20:58:23+00:00" />
<meta property="og:image" content="https://irpp.org/wp-content/uploads/2008/10/crowd-walking.jpg" />
	<meta property="og:image:width" content="2000" />
	<meta property="og:image:height" content="700" />
<meta name="twitter:card" content="summary_large_image" />
<meta name="twitter:site" content="@irpp" />
<meta name="twitter:label1" content="Durée de lecture est.">
	<meta name="twitter:data1" content="3 minutes">
<script type="application/ld+json" class="yoast-schema-graph">{"@context":"https://schema.org","@graph":[{"@type":"WebSite","@id":"https://irpp.org/#website","url":"https://irpp.org/","name":"IRPP","description":"Institute for Research on Public Policy","potentialAction":[{"@type":"SearchAction","target":"https://irpp.org/?s={search_term_string}","query-input":"required name=search_term_string"}],"inLanguage":"fr-FR"},{"@type":"ImageObject","@id":"https://irpp.org/fr/research-studies/the-unpeaceable-kingdom/#primaryimage","inLanguage":"fr-FR","url":"https://irpp.org/wp-content/uploads/2008/10/crowd-walking.jpg","width":2000,"height":700},{"@type":"WebPage","@id":"https://irpp.org/fr/research-studies/the-unpeaceable-kingdom/#webpage","url":"https://irpp.org/fr/research-studies/the-unpeaceable-kingdom/","name":"The (Un)Peaceable Kingdom?","isPartOf":{"@id":"https://irpp.org/#website"},"primaryImageOfPage":{"@id":"https://irpp.org/fr/research-studies/the-unpeaceable-kingdom/#primaryimage"},"datePublished":"2008-10-30T04:00:00+00:00","dateModified":"2018-06-20T20:58:23+00:00","description":"The time is now for Canada to invest against terrorism, says study.","inLanguage":"fr-FR","potentialAction":[{"@type":"ReadAction","target":["https://irpp.org/fr/research-studies/the-unpeaceable-kingdom/"]}]}]}</script>
<!-- / Yoast SEO plugin. -->
