{"id":9280,"date":"2012-02-28T00:00:00","date_gmt":"2012-02-28T05:00:00","guid":{"rendered":"http:\/\/irpp.org\/research-studies\/en-fr\/"},"modified":"2018-06-13T16:06:12","modified_gmt":"2018-06-13T20:06:12","slug":"permanently-temporary","status":"publish","type":"research-studies","link":"https:\/\/irpp.org\/fr\/research-studies\/permanently-temporary\/","title":{"rendered":"Permanently Temporary?"},"content":{"rendered":"<p>Tous les ans, quelque 30 000 travailleurs agricoles migrants arrivent au Canada dans le cadre du Programme des travailleurs agricoles saisonniers et du projet pilote concernant les travailleurs peu qualifi\u00e9s, deux volets du Programme des travailleurs \u00e9trangers temporaires (PTET). Et bien que le PTET vise \u00e0 combler la demande de main-d\u2019\u0153uvre \u00e0 court terme, la plupart de ces travailleurs reviennent chaque ann\u00e9e dans les m\u00eames collectivit\u00e9s du pays, parfois pendant plus de 25 ans. R\u00e9sultat : de plus en plus d\u2019entre eux restent ind\u00e9finiment temporaires.<\/p>\n<p>Or cette pr\u00e9sence grandissante de travailleurs temporaires aura sans doute des r\u00e9percussions \u00e0 long terme sur nos collectivit\u00e9s et nos milieux de travail. Est-il possible de conceptualiser l\u2019int\u00e9gration dans le cadre de ces sch\u00e9mas de migration ? Comment le PTET s\u2019ins\u00e8re-t-il dans\u00a0 notre paysage multiculturel fond\u00e9 sur les objectifs d\u2019int\u00e9gration et de coh\u00e9sion sociale ? Jenna Hennebry tente de r\u00e9pondre \u00e0 quelques-unes de ces questions \u00e0 partir de l\u2019exp\u00e9rience des travailleurs agricoles.<\/p>\n<p>S\u2019appuyant sur des donn\u00e9es empiriques, des entrevues et des \u00e9tudes sur la situation des travailleurs agricoles migrants de l\u2019Ontario, province qui en accueille le plus grand nombre au pays, l\u2019auteure constate leur faible int\u00e9gration aux collectivit\u00e9s o\u00f9 ils vivent et travaillent, malgr\u00e9 les louables efforts d\u2019organisations non gouvernementales, de groupes communautaires et de syndicats, notamment celui des Travailleurs et travailleuses unis de l\u2019alimentation et du commerce Canada qui a parrain\u00e9 des initiatives transnationales uniques.<\/p>\n<p>\u00c0 partir de cette analyse, l\u2019auteure examine de nouveaux moyens de conceptualiser et d\u2019\u00e9valuer la notion d\u2019int\u00e9gration appliqu\u00e9e \u00e0 la migration de travailleurs temporaires. Elle \u00e9labore ainsi une \u00ab \u00e9chelle d\u2019int\u00e9gration des travailleurs migrants \u00bb qui \u00e9value les r\u00e9sultats des programmes en mati\u00e8re de droits de la personne et du travail, d\u2019acc\u00e8s aux services sociaux et m\u00e9dicaux, d\u2019en- gagement social et communautaire et de sentiment d\u2019appartenance. Et il ressort de son \u00e9valuation que ces programmes ne remplissent pas leurs promesses, en d\u00e9pit de la longue exp\u00e9rience canadienne en migration de main-d\u2019\u0153uvre agricole. En effet, l\u2019int\u00e9gration \u00e0 la soci\u00e9t\u00e9 et au march\u00e9 du travail des migrants temporaires se heurte \u00e0 d\u2019importants obstacles comme l\u2019existence de permis de travail li\u00e9s aux employeurs, l\u2019application d\u00e9ficiente des contrats, les barri\u00e8res linguistiques et l\u2019isolement social, celui-ci touchant particuli\u00e8rement les nombreux migrants qui vivent dans des habitations fournies par l\u2019employeur.<\/p>\n<p>Jenna Hennebry formule une s\u00e9rie de recommandations visant l\u2019am\u00e9lioration des politiques et pratiques de gestion de la migration de travail temporaire, notamment : permettre aux ouvriers de choisir plus librement leur lieu de travail et de vie ; r\u00e9glementer le processus de recrutement ; multiplier les s\u00e9ances d\u2019information en sant\u00e9 et s\u00e9curit\u00e9 ; et acc\u00e9der \u00e0 des services d\u2019\u00e9tablissement, entre autres une formation linguistique de base. Tout en reconnaissant les enjeux et complexit\u00e9s de la migration temporaire sur le double plan intergouvernemental et transnational, elle pr\u00e9conise enfin une application plus rigoureuse des lois et r\u00e8glements existants.<\/p>","protected":false},"excerpt":{"rendered":"<p>Tous les ans, quelque 30 000 travailleurs agricoles migrants arrivent au Canada dans le cadre du Programme des travailleurs agricoles saisonniers et du projet pilote concernant les travailleurs peu qualifi\u00e9s, deux volets du Programme des travailleurs \u00e9trangers temporaires (PTET). Et bien que le PTET vise \u00e0 combler la demande de main-d\u2019\u0153uvre \u00e0 court terme, la [&hellip;]<\/p>\n","protected":false},"featured_media":11229,"template":"","meta":{"content-type":""},"categories":[],"tags":[],"class_list":["post-9280","research-studies","type-research-studies","status-publish","has-post-thumbnail","hentry"],"acf":[],"yoast_head":"<!-- This site is optimized with the Yoast SEO plugin v15.7 - https:\/\/yoast.com\/wordpress\/plugins\/seo\/ -->\n<meta name=\"description\" content=\"Canada should facilitate integration of migrant farm workers. Study identifies major barriers to health care and social services.\" \/>\n<meta name=\"robots\" content=\"index, follow, max-snippet:-1, max-image-preview:large, max-video-preview:-1\" \/>\n<link rel=\"canonical\" href=\"https:\/\/irpp.org\/fr\/research-studies\/permanently-temporary\/\" \/>\n<meta property=\"og:locale\" content=\"fr_FR\" \/>\n<meta property=\"og:type\" content=\"article\" \/>\n<meta property=\"og:title\" content=\"Permanently Temporary? Agricultural Migrant Workers and Their Integration in Canada\" \/>\n<meta property=\"og:description\" content=\"Canada should facilitate integration of migrant farm workers. Study identifies major barriers to health care and social services.\" \/>\n<meta property=\"og:url\" content=\"https:\/\/irpp.org\/fr\/research-studies\/permanently-temporary\/\" \/>\n<meta property=\"og:site_name\" content=\"IRPP\" \/>\n<meta property=\"article:publisher\" content=\"https:\/\/www.facebook.com\/IRPP.org\" \/>\n<meta property=\"article:modified_time\" content=\"2018-06-13T20:06:12+00:00\" \/>\n<meta property=\"og:image\" content=\"https:\/\/irpp.org\/wp-content\/uploads\/2012\/02\/farm-work.jpg\" \/>\n\t<meta property=\"og:image:width\" content=\"2000\" \/>\n\t<meta property=\"og:image:height\" content=\"700\" \/>\n<meta name=\"twitter:card\" content=\"summary_large_image\" \/>\n<meta name=\"twitter:site\" content=\"@irpp\" \/>\n<meta name=\"twitter:label1\" content=\"Dur\u00e9e de lecture est.\">\n\t<meta name=\"twitter:data1\" content=\"3 minutes\">\n<script type=\"application\/ld+json\" class=\"yoast-schema-graph\">{\"@context\":\"https:\/\/schema.org\",\"@graph\":[{\"@type\":\"WebSite\",\"@id\":\"https:\/\/irpp.org\/#website\",\"url\":\"https:\/\/irpp.org\/\",\"name\":\"IRPP\",\"description\":\"Institute for Research on Public Policy\",\"potentialAction\":[{\"@type\":\"SearchAction\",\"target\":\"https:\/\/irpp.org\/?s={search_term_string}\",\"query-input\":\"required name=search_term_string\"}],\"inLanguage\":\"fr-FR\"},{\"@type\":\"ImageObject\",\"@id\":\"https:\/\/irpp.org\/fr\/research-studies\/permanently-temporary\/#primaryimage\",\"inLanguage\":\"fr-FR\",\"url\":\"https:\/\/irpp.org\/wp-content\/uploads\/2012\/02\/farm-work.jpg\",\"width\":2000,\"height\":700},{\"@type\":\"WebPage\",\"@id\":\"https:\/\/irpp.org\/fr\/research-studies\/permanently-temporary\/#webpage\",\"url\":\"https:\/\/irpp.org\/fr\/research-studies\/permanently-temporary\/\",\"name\":\"Permanently Temporary? Agricultural Migrant Workers and Their Integration in Canada\",\"isPartOf\":{\"@id\":\"https:\/\/irpp.org\/#website\"},\"primaryImageOfPage\":{\"@id\":\"https:\/\/irpp.org\/fr\/research-studies\/permanently-temporary\/#primaryimage\"},\"datePublished\":\"2012-02-28T05:00:00+00:00\",\"dateModified\":\"2018-06-13T20:06:12+00:00\",\"description\":\"Canada should facilitate integration of migrant farm workers. Study identifies major barriers to health care and social services.\",\"inLanguage\":\"fr-FR\",\"potentialAction\":[{\"@type\":\"ReadAction\",\"target\":[\"https:\/\/irpp.org\/fr\/research-studies\/permanently-temporary\/\"]}]}]}<\/script>\n<!-- \/ Yoast SEO plugin. -->","distributor_meta":false,"distributor_terms":false,"distributor_media":false,"distributor_original_site_name":"IRPP","distributor_original_site_url":"https:\/\/irpp.org\/fr\/","push-errors":false,"_links":{"self":[{"href":"https:\/\/irpp.org\/fr\/wp-json\/wp\/v2\/research-studies\/9280","targetHints":{"allow":["GET"]}}],"collection":[{"href":"https:\/\/irpp.org\/fr\/wp-json\/wp\/v2\/research-studies"}],"about":[{"href":"https:\/\/irpp.org\/fr\/wp-json\/wp\/v2\/types\/research-studies"}],"version-history":[{"count":0,"href":"https:\/\/irpp.org\/fr\/wp-json\/wp\/v2\/research-studies\/9280\/revisions"}],"wp:featuredmedia":[{"embeddable":true,"href":"https:\/\/irpp.org\/fr\/wp-json\/wp\/v2\/media\/11229"}],"wp:attachment":[{"href":"https:\/\/irpp.org\/fr\/wp-json\/wp\/v2\/media?parent=9280"}],"wp:term":[{"taxonomy":"category","embeddable":true,"href":"https:\/\/irpp.org\/fr\/wp-json\/wp\/v2\/categories?post=9280"},{"taxonomy":"post_tag","embeddable":true,"href":"https:\/\/irpp.org\/fr\/wp-json\/wp\/v2\/tags?post=9280"}],"curies":[{"name":"wp","href":"https:\/\/api.w.org\/{rel}","templated":true}]}}

<p>Tous les ans, quelque 30 000 travailleurs agricoles migrants arrivent au Canada dans le cadre du Programme des travailleurs agricoles saisonniers et du projet pilote concernant les travailleurs peu qualifiés, deux volets du Programme des travailleurs étrangers temporaires (PTET). Et bien que le PTET vise à combler la demande de main-d’œuvre à court terme, la plupart de ces travailleurs reviennent chaque année dans les mêmes collectivités du pays, parfois pendant plus de 25 ans. Résultat : de plus en plus d’entre eux restent indéfiniment temporaires.</p>
<p>Or cette présence grandissante de travailleurs temporaires aura sans doute des répercussions à long terme sur nos collectivités et nos milieux de travail. Est-il possible de conceptualiser l’intégration dans le cadre de ces schémas de migration ? Comment le PTET s’insère-t-il dans  notre paysage multiculturel fondé sur les objectifs d’intégration et de cohésion sociale ? Jenna Hennebry tente de répondre à quelques-unes de ces questions à partir de l’expérience des travailleurs agricoles.</p>
<p>S’appuyant sur des données empiriques, des entrevues et des études sur la situation des travailleurs agricoles migrants de l’Ontario, province qui en accueille le plus grand nombre au pays, l’auteure constate leur faible intégration aux collectivités où ils vivent et travaillent, malgré les louables efforts d’organisations non gouvernementales, de groupes communautaires et de syndicats, notamment celui des Travailleurs et travailleuses unis de l’alimentation et du commerce Canada qui a parrainé des initiatives transnationales uniques.</p>
<p>À partir de cette analyse, l’auteure examine de nouveaux moyens de conceptualiser et d’évaluer la notion d’intégration appliquée à la migration de travailleurs temporaires. Elle élabore ainsi une « échelle d’intégration des travailleurs migrants » qui évalue les résultats des programmes en matière de droits de la personne et du travail, d’accès aux services sociaux et médicaux, d’en- gagement social et communautaire et de sentiment d’appartenance. Et il ressort de son évaluation que ces programmes ne remplissent pas leurs promesses, en dépit de la longue expérience canadienne en migration de main-d’œuvre agricole. En effet, l’intégration à la société et au marché du travail des migrants temporaires se heurte à d’importants obstacles comme l’existence de permis de travail liés aux employeurs, l’application déficiente des contrats, les barrières linguistiques et l’isolement social, celui-ci touchant particulièrement les nombreux migrants qui vivent dans des habitations fournies par l’employeur.</p>
<p>Jenna Hennebry formule une série de recommandations visant l’amélioration des politiques et pratiques de gestion de la migration de travail temporaire, notamment : permettre aux ouvriers de choisir plus librement leur lieu de travail et de vie ; réglementer le processus de recrutement ; multiplier les séances d’information en santé et sécurité ; et accéder à des services d’établissement, entre autres une formation linguistique de base. Tout en reconnaissant les enjeux et complexités de la migration temporaire sur le double plan intergouvernemental et transnational, elle préconise enfin une application plus rigoureuse des lois et règlements existants.</p>

<p>Tous les ans, quelque 30 000 travailleurs agricoles migrants arrivent au Canada dans le cadre du Programme des travailleurs agricoles saisonniers et du projet pilote concernant les travailleurs peu qualifiés, deux volets du Programme des travailleurs étrangers temporaires (PTET). Et bien que le PTET vise à combler la demande de main-d’œuvre à court terme, la [&hellip;]</p>

<!-- This site is optimized with the Yoast SEO plugin v15.7 - https://yoast.com/wordpress/plugins/seo/ -->
<meta name="description" content="Canada should facilitate integration of migrant farm workers. Study identifies major barriers to health care and social services." />
<meta name="robots" content="index, follow, max-snippet:-1, max-image-preview:large, max-video-preview:-1" />
<link rel="canonical" href="https://irpp.org/fr/research-studies/permanently-temporary/" />
<meta property="og:locale" content="fr_FR" />
<meta property="og:type" content="article" />
<meta property="og:title" content="Permanently Temporary? Agricultural Migrant Workers and Their Integration in Canada" />
<meta property="og:description" content="Canada should facilitate integration of migrant farm workers. Study identifies major barriers to health care and social services." />
<meta property="og:url" content="https://irpp.org/fr/research-studies/permanently-temporary/" />
<meta property="og:site_name" content="IRPP" />
<meta property="article:publisher" content="https://www.facebook.com/IRPP.org" />
<meta property="article:modified_time" content="2018-06-13T20:06:12+00:00" />
<meta property="og:image" content="https://irpp.org/wp-content/uploads/2012/02/farm-work.jpg" />
	<meta property="og:image:width" content="2000" />
	<meta property="og:image:height" content="700" />
<meta name="twitter:card" content="summary_large_image" />
<meta name="twitter:site" content="@irpp" />
<meta name="twitter:label1" content="Durée de lecture est.">
	<meta name="twitter:data1" content="3 minutes">
<script type="application/ld+json" class="yoast-schema-graph">{"@context":"https://schema.org","@graph":[{"@type":"WebSite","@id":"https://irpp.org/#website","url":"https://irpp.org/","name":"IRPP","description":"Institute for Research on Public Policy","potentialAction":[{"@type":"SearchAction","target":"https://irpp.org/?s={search_term_string}","query-input":"required name=search_term_string"}],"inLanguage":"fr-FR"},{"@type":"ImageObject","@id":"https://irpp.org/fr/research-studies/permanently-temporary/#primaryimage","inLanguage":"fr-FR","url":"https://irpp.org/wp-content/uploads/2012/02/farm-work.jpg","width":2000,"height":700},{"@type":"WebPage","@id":"https://irpp.org/fr/research-studies/permanently-temporary/#webpage","url":"https://irpp.org/fr/research-studies/permanently-temporary/","name":"Permanently Temporary? Agricultural Migrant Workers and Their Integration in Canada","isPartOf":{"@id":"https://irpp.org/#website"},"primaryImageOfPage":{"@id":"https://irpp.org/fr/research-studies/permanently-temporary/#primaryimage"},"datePublished":"2012-02-28T05:00:00+00:00","dateModified":"2018-06-13T20:06:12+00:00","description":"Canada should facilitate integration of migrant farm workers. Study identifies major barriers to health care and social services.","inLanguage":"fr-FR","potentialAction":[{"@type":"ReadAction","target":["https://irpp.org/fr/research-studies/permanently-temporary/"]}]}]}</script>
<!-- / Yoast SEO plugin. -->
