{"id":9277,"date":"2012-06-29T00:00:00","date_gmt":"2012-06-29T04:00:00","guid":{"rendered":"http:\/\/irpp.org\/research-studies\/table-ronde-sur-la-migration-temporaire-et-le-marche-du-travail-canadien\/"},"modified":"2017-12-04T13:07:52","modified_gmt":"2017-12-04T18:07:52","slug":"table-ronde-sur-la-migration-temporaire-et-le-marche-du-travail-canadien","status":"publish","type":"research-studies","link":"https:\/\/irpp.org\/fr\/research-studies\/table-ronde-sur-la-migration-temporaire-et-le-marche-du-travail-canadien\/","title":{"rendered":"Table ronde sur la migration temporaire et le march\u00e9 du travail canadien"},"content":{"rendered":"<p>Avec le soutien d&rsquo;Immigration et Citoyennet\u00e9 Canada et du minist\u00e8re de la Citoyennet\u00e9 et de l&rsquo;Immigration de l&rsquo;Ontario, l&rsquo;Institut de recherche en politiques publiques a tenu une table ronde sur la migration temporaire et le march\u00e9 du travail canadien le 30 avril 2012. Des sp\u00e9cialistes de la politique d&rsquo;immigration et du march\u00e9 du travail, des fonctionnaires des gouvernements f\u00e9d\u00e9ral, provinciaux et territoriaux ainsi que des \u00e9tudiants dipl\u00f4m\u00e9s ont assist\u00e9 \u00e0 cette rencontre d&rsquo;une journ\u00e9e.<\/p>","protected":false},"excerpt":{"rendered":"<p>Avec le soutien d&rsquo;Immigration et Citoyennet\u00e9 Canada et du minist\u00e8re de la Citoyennet\u00e9 et de l&rsquo;Immigration de l&rsquo;Ontario, l&rsquo;Institut de recherche en politiques publiques a tenu une table ronde sur la migration temporaire et le march\u00e9 du travail canadien le 30 avril 2012. Des sp\u00e9cialistes de la politique d&rsquo;immigration et du march\u00e9 du travail, des [&hellip;]<\/p>\n","protected":false},"featured_media":0,"template":"","meta":{"content-type":""},"categories":[],"tags":[],"class_list":["post-9277","research-studies","type-research-studies","status-publish","hentry"],"acf":[],"yoast_head":"<!-- This site is optimized with the Yoast SEO plugin v15.7 - https:\/\/yoast.com\/wordpress\/plugins\/seo\/ -->\n<meta name=\"description\" content=\"The IRPP releases a roundtable report on temporary migration and the Canadian labour Market.\" \/>\n<meta name=\"robots\" content=\"index, follow, max-snippet:-1, max-image-preview:large, max-video-preview:-1\" \/>\n<link rel=\"canonical\" href=\"https:\/\/irpp.org\/fr\/research-studies\/table-ronde-sur-la-migration-temporaire-et-le-marche-du-travail-canadien\/\" \/>\n<meta property=\"og:locale\" content=\"fr_FR\" \/>\n<meta property=\"og:type\" content=\"article\" \/>\n<meta property=\"og:title\" content=\"Roundtable on Temporary Migration and the Canadian Labour Market\" \/>\n<meta property=\"og:description\" content=\"The IRPP releases a roundtable report on temporary migration and the Canadian labour Market.\" \/>\n<meta property=\"og:url\" content=\"https:\/\/irpp.org\/fr\/research-studies\/table-ronde-sur-la-migration-temporaire-et-le-marche-du-travail-canadien\/\" \/>\n<meta property=\"og:site_name\" content=\"IRPP\" \/>\n<meta property=\"article:publisher\" content=\"https:\/\/www.facebook.com\/IRPP.org\" \/>\n<meta property=\"article:modified_time\" content=\"2017-12-04T18:07:52+00:00\" \/>\n<meta name=\"twitter:card\" content=\"summary_large_image\" \/>\n<meta name=\"twitter:site\" content=\"@irpp\" \/>\n<script type=\"application\/ld+json\" class=\"yoast-schema-graph\">{\"@context\":\"https:\/\/schema.org\",\"@graph\":[{\"@type\":\"WebSite\",\"@id\":\"https:\/\/irpp.org\/#website\",\"url\":\"https:\/\/irpp.org\/\",\"name\":\"IRPP\",\"description\":\"Institute for Research on Public Policy\",\"potentialAction\":[{\"@type\":\"SearchAction\",\"target\":\"https:\/\/irpp.org\/?s={search_term_string}\",\"query-input\":\"required name=search_term_string\"}],\"inLanguage\":\"fr-FR\"},{\"@type\":\"WebPage\",\"@id\":\"https:\/\/irpp.org\/fr\/research-studies\/table-ronde-sur-la-migration-temporaire-et-le-marche-du-travail-canadien\/#webpage\",\"url\":\"https:\/\/irpp.org\/fr\/research-studies\/table-ronde-sur-la-migration-temporaire-et-le-marche-du-travail-canadien\/\",\"name\":\"Roundtable on Temporary Migration and the Canadian Labour Market\",\"isPartOf\":{\"@id\":\"https:\/\/irpp.org\/#website\"},\"datePublished\":\"2012-06-29T04:00:00+00:00\",\"dateModified\":\"2017-12-04T18:07:52+00:00\",\"description\":\"The IRPP releases a roundtable report on temporary migration and the Canadian labour Market.\",\"inLanguage\":\"fr-FR\",\"potentialAction\":[{\"@type\":\"ReadAction\",\"target\":[\"https:\/\/irpp.org\/fr\/research-studies\/table-ronde-sur-la-migration-temporaire-et-le-marche-du-travail-canadien\/\"]}]}]}<\/script>\n<!-- \/ Yoast SEO plugin. -->","distributor_meta":false,"distributor_terms":false,"distributor_media":false,"distributor_original_site_name":"IRPP","distributor_original_site_url":"https:\/\/irpp.org\/fr\/","push-errors":false,"_links":{"self":[{"href":"https:\/\/irpp.org\/fr\/wp-json\/wp\/v2\/research-studies\/9277","targetHints":{"allow":["GET"]}}],"collection":[{"href":"https:\/\/irpp.org\/fr\/wp-json\/wp\/v2\/research-studies"}],"about":[{"href":"https:\/\/irpp.org\/fr\/wp-json\/wp\/v2\/types\/research-studies"}],"version-history":[{"count":0,"href":"https:\/\/irpp.org\/fr\/wp-json\/wp\/v2\/research-studies\/9277\/revisions"}],"wp:attachment":[{"href":"https:\/\/irpp.org\/fr\/wp-json\/wp\/v2\/media?parent=9277"}],"wp:term":[{"taxonomy":"category","embeddable":true,"href":"https:\/\/irpp.org\/fr\/wp-json\/wp\/v2\/categories?post=9277"},{"taxonomy":"post_tag","embeddable":true,"href":"https:\/\/irpp.org\/fr\/wp-json\/wp\/v2\/tags?post=9277"}],"curies":[{"name":"wp","href":"https:\/\/api.w.org\/{rel}","templated":true}]}}

Table ronde sur la migration temporaire et le marché du travail canadien

<p>Avec le soutien d&rsquo;Immigration et Citoyenneté Canada et du ministère de la Citoyenneté et de l&rsquo;Immigration de l&rsquo;Ontario, l&rsquo;Institut de recherche en politiques publiques a tenu une table ronde sur la migration temporaire et le marché du travail canadien le 30 avril 2012. Des spécialistes de la politique d&rsquo;immigration et du marché du travail, des fonctionnaires des gouvernements fédéral, provinciaux et territoriaux ainsi que des étudiants diplômés ont assisté à cette rencontre d&rsquo;une journée.</p>

<p>Avec le soutien d&rsquo;Immigration et Citoyenneté Canada et du ministère de la Citoyenneté et de l&rsquo;Immigration de l&rsquo;Ontario, l&rsquo;Institut de recherche en politiques publiques a tenu une table ronde sur la migration temporaire et le marché du travail canadien le 30 avril 2012. Des spécialistes de la politique d&rsquo;immigration et du marché du travail, des [&hellip;]</p>
