{"id":11511,"date":"2018-04-17T07:54:55","date_gmt":"2018-04-17T11:54:55","guid":{"rendered":"http:\/\/irpp.org\/?post_type=research-studies&#038;p=11511"},"modified":"2019-05-29T15:39:08","modified_gmt":"2019-05-29T19:39:08","slug":"les-services-de-garde-subventionnes","status":"publish","type":"research-studies","link":"https:\/\/irpp.org\/fr\/research-studies\/les-services-de-garde-subventionnes\/","title":{"rendered":"Les services de garde subventionn\u00e9s\u2009: l\u2019exception du Qu\u00e9bec dans le contexte f\u00e9d\u00e9ral"},"content":{"rendered":"<p>En comparaison des autres pays occidentaux, le Canada a consacr\u00e9 peu de ressources aux services de garde \u00e0 la petite enfance. Le Qu\u00e9bec par contre, \u00e0 partir de la fin des ann\u00e9es 1990, a consid\u00e9rablement investi dans un programme de services de garde publics et accessibles qui, au d\u00e9but, limitait les frais pour les parents \u00e0 5 dollars par enfant par jour. Vingt ans plus tard, le Qu\u00e9bec se distingue toujours nettement des autres provinces dans ce domaine.<\/p>\n<p>Jusqu\u2019\u00e0 maintenant, les chercheurs se sont surtout attach\u00e9s \u00e0 comprendre pourquoi le gouvernement f\u00e9d\u00e9ral avait \u00e9chou\u00e9 \u00e0 mettre en \u0153uvre un programme ambitieux de services de garde. Tr\u00e8s peu ont tent\u00e9 d\u2019expliquer pourquoi les gouvernements provinciaux, \u00e0 l\u2019exception de celui du Qu\u00e9bec, n\u2019avaient pas agi dans ce domaine, m\u00eame si certaines \u00e9tudes ont permis de comparer le Qu\u00e9bec avec l\u2019Ontario ou la Colombie-Britannique. Cette \u00e9tude, puisque les auteurs s\u2019y int\u00e9ressent \u00e0 l\u2019ensemble des provinces, constitue la premi\u00e8re tentative d\u2019expliquer \u00ab\u2009l\u2019exceptionnalisme\u00a0 qu\u00e9b\u00e9cois\u2009\u00bb en mati\u00e8re de services de garde.<br \/>\n<script id=\"infogram_0_fc480bd4-37ae-4bf9-be23-ba22c646621f\" title=\"Comparaison des politiques de services de garde (2)\" src=\"https:\/\/e.infogram.com\/js\/dist\/embed.js?21S\" type=\"text\/javascript\"><\/script><\/p>\n<p>En se basant sur une revue exhaustive et critique de la litt\u00e9rature, Gabriel Arsenault, Olivier Jacques et Antonia Maioni constatent ainsi que trois facteurs expliquent la trajectoire distincte du Qu\u00e9bec\u2009: i) la pr\u00e9sence d\u2019un parti de centre gauche capable d\u2019agir comme \u00ab\u2009protagoniste\u2009\u00bb en lan\u00e7ant une r\u00e9forme majeure dans les services de garde\u2009; ii) un syst\u00e8me de partis caract\u00e9ris\u00e9 par l\u2019absence d\u2019un parti de droite capable de former le gouvernement et d\u2019agir comme \u00ab\u2009antagoniste\u2009\u00bb en abolissant un programme progressiste cr\u00e9\u00e9 par un parti de gauche\u2009; iii) le fait que les services de garde sont consid\u00e9r\u00e9s, par l\u2019ensemble des partis politiques et des acteurs de la soci\u00e9t\u00e9 civile, comme une comp\u00e9tence provinciale.<\/p>\n<p>Le Qu\u00e9bec est \u2014 pour le moment \u2014 la seule province canadienne o\u00f9 toutes ces conditions sont r\u00e9unies. Ainsi, le Parti qu\u00e9b\u00e9cois a pu mettre en \u0153uvre une r\u00e9forme ambitieuse des services de garde, et celle-ci a largement \u00e9t\u00e9 poursuivie par le Parti lib\u00e9ral du Qu\u00e9bec. Au Qu\u00e9bec, c\u2019est au gouvernement provincial que les groupes d\u2019int\u00e9r\u00eats expriment leurs revendications en mati\u00e8re de petite enfance. Dans le reste du Canada, les acteurs de la soci\u00e9t\u00e9 civile tendent plut\u00f4t \u00e0 se tourner vers le gouvernement f\u00e9d\u00e9ral dans ce domaine.<\/p>\n<p>Cette \u00e9tude permet \u00e9galement de faire avancer nos connaissances en mati\u00e8re de politiques publiques dans un contexte f\u00e9d\u00e9ral. Les auteurs d\u00e9montrent ainsi que les d\u00e9bats sur les r\u00e9sultats mitig\u00e9s de la politique qu\u00e9b\u00e9coise de services de garde ont frein\u00e9 la diffusion de cette politique dans les autres provinces. De plus, le d\u00e9s\u00e9quilibre fiscal entre le f\u00e9d\u00e9ral et les provinces et la structure des cr\u00e9dits d\u2019imp\u00f4t f\u00e9d\u00e9raux n\u2019incitent probablement pas les provinces \u00e0 investir dans les services de garde. Par ailleurs, les auteurs r\u00e9\u00e9valuent le r\u00f4le de la concertation entre \u00c9tat, syndicats et patronat dans ce contexte, puisqu\u2019il n\u2019est pas d\u00e9montr\u00e9 qu\u2019une telle concertation ait jou\u00e9 un r\u00f4le majeur dans la mise en \u0153uvre de la politique qu\u00e9b\u00e9coise de services de garde.<\/p>\n<p><iframe src=\"https:\/\/globalnews.ca\/video\/embed\/4160397\/\" width=\"670\" height=\"372\" frameborder=\"0\" scrolling=\"no\" allowfullscreen=\"allowfullscreen\"><\/iframe><\/p>","protected":false},"excerpt":{"rendered":"<p>Les services de garde subventionn\u00e9s : une \u00e9tude examine les facteurs \u00e0 l\u2019origine de l\u2019exception qu\u00e9b\u00e9coise.<\/p>\n","protected":false},"featured_media":11506,"template":"","meta":{"content-type":""},"categories":[91,90],"tags":[],"class_list":["post-11511","research-studies","type-research-studies","status-publish","has-post-thumbnail","hentry","category-featured-research-study-fr","category-home-main-feature-fr"],"acf":[],"yoast_head":"<!-- This site is optimized with the Yoast SEO plugin v15.7 - https:\/\/yoast.com\/wordpress\/plugins\/seo\/ -->\n<meta name=\"description\" content=\"Une nouvelle \u00e9tude de l\u2019IRPP examine les facteurs \u00e0 l\u2019origine de l\u2019exception qu\u00e9b\u00e9coise dans le domaine des services de garde.\" \/>\n<meta name=\"robots\" content=\"index, follow, max-snippet:-1, max-image-preview:large, max-video-preview:-1\" \/>\n<link rel=\"canonical\" href=\"https:\/\/irpp.org\/fr\/research-studies\/les-services-de-garde-subventionnes\/\" \/>\n<meta property=\"og:locale\" content=\"fr_FR\" \/>\n<meta property=\"og:type\" content=\"article\" \/>\n<meta property=\"og:title\" content=\"Les services de garde subventionn\u00e9s\u2009: l\u2019exception du Qu\u00e9bec dans le contexte f\u00e9d\u00e9ral\" \/>\n<meta property=\"og:description\" content=\"Une nouvelle \u00e9tude de l\u2019IRPP examine les facteurs \u00e0 l\u2019origine de l\u2019exception qu\u00e9b\u00e9coise dans le domaine des services de garde.\" \/>\n<meta property=\"og:url\" content=\"https:\/\/irpp.org\/fr\/research-studies\/les-services-de-garde-subventionnes\/\" \/>\n<meta property=\"og:site_name\" content=\"IRPP\" \/>\n<meta property=\"article:publisher\" content=\"https:\/\/www.facebook.com\/IRPP.org\" \/>\n<meta property=\"article:modified_time\" content=\"2019-05-29T19:39:08+00:00\" \/>\n<meta name=\"twitter:card\" content=\"summary_large_image\" \/>\n<meta name=\"twitter:image\" content=\"https:\/\/irpp.org\/wp-content\/uploads\/2018\/04\/Twitter-Jacques.jpg\" \/>\n<meta name=\"twitter:site\" content=\"@irpp\" \/>\n<meta name=\"twitter:label1\" content=\"Dur\u00e9e de lecture est.\">\n\t<meta name=\"twitter:data1\" content=\"3 minutes\">\n<script type=\"application\/ld+json\" class=\"yoast-schema-graph\">{\"@context\":\"https:\/\/schema.org\",\"@graph\":[{\"@type\":\"WebSite\",\"@id\":\"https:\/\/irpp.org\/#website\",\"url\":\"https:\/\/irpp.org\/\",\"name\":\"IRPP\",\"description\":\"Institute for Research on Public Policy\",\"potentialAction\":[{\"@type\":\"SearchAction\",\"target\":\"https:\/\/irpp.org\/?s={search_term_string}\",\"query-input\":\"required name=search_term_string\"}],\"inLanguage\":\"fr-FR\"},{\"@type\":\"ImageObject\",\"@id\":\"https:\/\/irpp.org\/fr\/research-studies\/les-services-de-garde-subventionnes\/#primaryimage\",\"inLanguage\":\"fr-FR\",\"url\":\"https:\/\/irpp.org\/wp-content\/uploads\/2018\/04\/Jacques-cover.jpg\",\"width\":2000,\"height\":700},{\"@type\":\"WebPage\",\"@id\":\"https:\/\/irpp.org\/fr\/research-studies\/les-services-de-garde-subventionnes\/#webpage\",\"url\":\"https:\/\/irpp.org\/fr\/research-studies\/les-services-de-garde-subventionnes\/\",\"name\":\"Les services de garde subventionn\\u00e9s\\u2009: l\\u2019exception du Qu\\u00e9bec dans le contexte f\\u00e9d\\u00e9ral\",\"isPartOf\":{\"@id\":\"https:\/\/irpp.org\/#website\"},\"primaryImageOfPage\":{\"@id\":\"https:\/\/irpp.org\/fr\/research-studies\/les-services-de-garde-subventionnes\/#primaryimage\"},\"datePublished\":\"2018-04-17T11:54:55+00:00\",\"dateModified\":\"2019-05-29T19:39:08+00:00\",\"description\":\"Une nouvelle \\u00e9tude de l\\u2019IRPP examine les facteurs \\u00e0 l\\u2019origine de l\\u2019exception qu\\u00e9b\\u00e9coise dans le domaine des services de garde.\",\"inLanguage\":\"fr-FR\",\"potentialAction\":[{\"@type\":\"ReadAction\",\"target\":[\"https:\/\/irpp.org\/fr\/research-studies\/les-services-de-garde-subventionnes\/\"]}]}]}<\/script>\n<!-- \/ Yoast SEO plugin. -->","distributor_meta":false,"distributor_terms":false,"distributor_media":false,"distributor_original_site_name":"IRPP","distributor_original_site_url":"https:\/\/irpp.org\/fr\/","push-errors":false,"_links":{"self":[{"href":"https:\/\/irpp.org\/fr\/wp-json\/wp\/v2\/research-studies\/11511","targetHints":{"allow":["GET"]}}],"collection":[{"href":"https:\/\/irpp.org\/fr\/wp-json\/wp\/v2\/research-studies"}],"about":[{"href":"https:\/\/irpp.org\/fr\/wp-json\/wp\/v2\/types\/research-studies"}],"version-history":[{"count":0,"href":"https:\/\/irpp.org\/fr\/wp-json\/wp\/v2\/research-studies\/11511\/revisions"}],"wp:featuredmedia":[{"embeddable":true,"href":"https:\/\/irpp.org\/fr\/wp-json\/wp\/v2\/media\/11506"}],"wp:attachment":[{"href":"https:\/\/irpp.org\/fr\/wp-json\/wp\/v2\/media?parent=11511"}],"wp:term":[{"taxonomy":"category","embeddable":true,"href":"https:\/\/irpp.org\/fr\/wp-json\/wp\/v2\/categories?post=11511"},{"taxonomy":"post_tag","embeddable":true,"href":"https:\/\/irpp.org\/fr\/wp-json\/wp\/v2\/tags?post=11511"}],"curies":[{"name":"wp","href":"https:\/\/api.w.org\/{rel}","templated":true}]}}

Les services de garde subventionnés : l’exception du Québec dans le contexte fédéral

<p>En comparaison des autres pays occidentaux, le Canada a consacré peu de ressources aux services de garde à la petite enfance. Le Québec par contre, à partir de la fin des années 1990, a considérablement investi dans un programme de services de garde publics et accessibles qui, au début, limitait les frais pour les parents à 5 dollars par enfant par jour. Vingt ans plus tard, le Québec se distingue toujours nettement des autres provinces dans ce domaine.</p>
<p>Jusqu’à maintenant, les chercheurs se sont surtout attachés à comprendre pourquoi le gouvernement fédéral avait échoué à mettre en œuvre un programme ambitieux de services de garde. Très peu ont tenté d’expliquer pourquoi les gouvernements provinciaux, à l’exception de celui du Québec, n’avaient pas agi dans ce domaine, même si certaines études ont permis de comparer le Québec avec l’Ontario ou la Colombie-Britannique. Cette étude, puisque les auteurs s’y intéressent à l’ensemble des provinces, constitue la première tentative d’expliquer « l’exceptionnalisme  québécois » en matière de services de garde.<br />
<script id="infogram_0_fc480bd4-37ae-4bf9-be23-ba22c646621f" title="Comparaison des politiques de services de garde (2)" src="https://e.infogram.com/js/dist/embed.js?21S" type="text/javascript"></script></p>
<p>En se basant sur une revue exhaustive et critique de la littérature, Gabriel Arsenault, Olivier Jacques et Antonia Maioni constatent ainsi que trois facteurs expliquent la trajectoire distincte du Québec : i) la présence d’un parti de centre gauche capable d’agir comme « protagoniste » en lançant une réforme majeure dans les services de garde ; ii) un système de partis caractérisé par l’absence d’un parti de droite capable de former le gouvernement et d’agir comme « antagoniste » en abolissant un programme progressiste créé par un parti de gauche ; iii) le fait que les services de garde sont considérés, par l’ensemble des partis politiques et des acteurs de la société civile, comme une compétence provinciale.</p>
<p>Le Québec est — pour le moment — la seule province canadienne où toutes ces conditions sont réunies. Ainsi, le Parti québécois a pu mettre en œuvre une réforme ambitieuse des services de garde, et celle-ci a largement été poursuivie par le Parti libéral du Québec. Au Québec, c’est au gouvernement provincial que les groupes d’intérêts expriment leurs revendications en matière de petite enfance. Dans le reste du Canada, les acteurs de la société civile tendent plutôt à se tourner vers le gouvernement fédéral dans ce domaine.</p>
<p>Cette étude permet également de faire avancer nos connaissances en matière de politiques publiques dans un contexte fédéral. Les auteurs démontrent ainsi que les débats sur les résultats mitigés de la politique québécoise de services de garde ont freiné la diffusion de cette politique dans les autres provinces. De plus, le déséquilibre fiscal entre le fédéral et les provinces et la structure des crédits d’impôt fédéraux n’incitent probablement pas les provinces à investir dans les services de garde. Par ailleurs, les auteurs réévaluent le rôle de la concertation entre État, syndicats et patronat dans ce contexte, puisqu’il n’est pas démontré qu’une telle concertation ait joué un rôle majeur dans la mise en œuvre de la politique québécoise de services de garde.</p>
<p><iframe src="https://globalnews.ca/video/embed/4160397/" width="670" height="372" frameborder="0" scrolling="no" allowfullscreen="allowfullscreen"></iframe></p>

<p>Les services de garde subventionnés : une étude examine les facteurs à l’origine de l’exception québécoise.</p>

<!-- This site is optimized with the Yoast SEO plugin v15.7 - https://yoast.com/wordpress/plugins/seo/ -->
<meta name="description" content="Une nouvelle étude de l’IRPP examine les facteurs à l’origine de l’exception québécoise dans le domaine des services de garde." />
<meta name="robots" content="index, follow, max-snippet:-1, max-image-preview:large, max-video-preview:-1" />
<link rel="canonical" href="https://irpp.org/fr/research-studies/les-services-de-garde-subventionnes/" />
<meta property="og:locale" content="fr_FR" />
<meta property="og:type" content="article" />
<meta property="og:title" content="Les services de garde subventionnés : l’exception du Québec dans le contexte fédéral" />
<meta property="og:description" content="Une nouvelle étude de l’IRPP examine les facteurs à l’origine de l’exception québécoise dans le domaine des services de garde." />
<meta property="og:url" content="https://irpp.org/fr/research-studies/les-services-de-garde-subventionnes/" />
<meta property="og:site_name" content="IRPP" />
<meta property="article:publisher" content="https://www.facebook.com/IRPP.org" />
<meta property="article:modified_time" content="2019-05-29T19:39:08+00:00" />
<meta name="twitter:card" content="summary_large_image" />
<meta name="twitter:image" content="https://irpp.org/wp-content/uploads/2018/04/Twitter-Jacques.jpg" />
<meta name="twitter:site" content="@irpp" />
<meta name="twitter:label1" content="Durée de lecture est.">
	<meta name="twitter:data1" content="3 minutes">
<script type="application/ld+json" class="yoast-schema-graph">{"@context":"https://schema.org","@graph":[{"@type":"WebSite","@id":"https://irpp.org/#website","url":"https://irpp.org/","name":"IRPP","description":"Institute for Research on Public Policy","potentialAction":[{"@type":"SearchAction","target":"https://irpp.org/?s={search_term_string}","query-input":"required name=search_term_string"}],"inLanguage":"fr-FR"},{"@type":"ImageObject","@id":"https://irpp.org/fr/research-studies/les-services-de-garde-subventionnes/#primaryimage","inLanguage":"fr-FR","url":"https://irpp.org/wp-content/uploads/2018/04/Jacques-cover.jpg","width":2000,"height":700},{"@type":"WebPage","@id":"https://irpp.org/fr/research-studies/les-services-de-garde-subventionnes/#webpage","url":"https://irpp.org/fr/research-studies/les-services-de-garde-subventionnes/","name":"Les services de garde subventionn\u00e9s\u2009: l\u2019exception du Qu\u00e9bec dans le contexte f\u00e9d\u00e9ral","isPartOf":{"@id":"https://irpp.org/#website"},"primaryImageOfPage":{"@id":"https://irpp.org/fr/research-studies/les-services-de-garde-subventionnes/#primaryimage"},"datePublished":"2018-04-17T11:54:55+00:00","dateModified":"2019-05-29T19:39:08+00:00","description":"Une nouvelle \u00e9tude de l\u2019IRPP examine les facteurs \u00e0 l\u2019origine de l\u2019exception qu\u00e9b\u00e9coise dans le domaine des services de garde.","inLanguage":"fr-FR","potentialAction":[{"@type":"ReadAction","target":["https://irpp.org/fr/research-studies/les-services-de-garde-subventionnes/"]}]}]}</script>
<!-- / Yoast SEO plugin. -->
