{"id":9274,"date":"2015-03-18T13:23:51","date_gmt":"2015-03-18T17:23:51","guid":{"rendered":"http:\/\/irpp.org\/diversite-immigration-et-integration\/"},"modified":"2018-05-15T10:56:01","modified_gmt":"2018-05-15T14:56:01","slug":"diversite-immigration-et-integration","status":"publish","type":"page","link":"https:\/\/irpp.org\/fr\/recherche\/diversite-immigration-et-integration\/","title":{"rendered":"Diversit\u00e9, immigration et int\u00e9gration"},"content":{"rendered":"<p>\u00c0 l&rsquo;heure o\u00f9 l&rsquo;immigration devient la principale source de croissance de la main-d&rsquo;oeuvre, il est important de mieux comprendre les facteurs qui, depuis une vingtaine d&rsquo;ann\u00e9es, ont men\u00e9 \u00e0 une d\u00e9t\u00e9rioriation de la situation des immigrants sur le march\u00e9 du travail, les obstacles \u00e9conomiques et sociaux que les nouveaux arrivants doivent surmonter, ainsi que les moyens de renforcer l&rsquo;int\u00e9gration des immigrants sur tous les plans.<\/p>\n<p>Le programme est ax\u00e9 sur les th\u00e8mes suivants :<\/p>\n<ul>\n<li>Les facteurs d\u00e9terminant la situation \u00e9conomique des immigrants sur le march\u00e9 du travail, et les options politiques permettant de l&rsquo;am\u00e9liorer<\/li>\n<li>L&rsquo;incidence du recours accru aux travailleurs \u00e9trangers temporaires au Canada<\/li>\n<li>Les \u00e9l\u00e9ments de l&rsquo;int\u00e9gration sociale des immigrants<\/li>\n<li>Les parcours menant \u00e0 la participation et \u00e0 l&rsquo;int\u00e9gration civique et politique des collectivit\u00e9s immigrantes au Canada<\/li>\n<\/ul>\n<p>Note\u00a0: Ce programme de recherche a pris fin.<\/p>","protected":false},"excerpt":{"rendered":"<p>\u00c0 l&rsquo;heure o\u00f9 l&rsquo;immigration devient la principale source de croissance de la main-d&rsquo;oeuvre, il est important de mieux comprendre les facteurs qui, depuis une vingtaine d&rsquo;ann\u00e9es, ont men\u00e9 \u00e0 une d\u00e9t\u00e9rioriation de la situation des immigrants sur le march\u00e9 du travail, les obstacles \u00e9conomiques et sociaux que les nouveaux arrivants doivent surmonter, ainsi que les [&hellip;]<\/p>\n","protected":false},"author":1,"featured_media":1233,"parent":9148,"menu_order":0,"comment_status":"open","ping_status":"open","template":"page-research-program.php","meta":{"content-type":"","footnotes":""},"categories":[],"tags":[],"class_list":["post-9274","page","type-page","status-publish","has-post-thumbnail","hentry"],"acf":[],"yoast_head":"<!-- This site is optimized with the Yoast SEO plugin v15.7 - https:\/\/yoast.com\/wordpress\/plugins\/seo\/ -->\n<meta name=\"description\" content=\"\u00c0 l&#039;heure o\u00f9 l&#039;immigration devient la principale source de croissance, il est important de mieux comprendre les moyens de renforcer l&#039;int\u00e9gration.\" \/>\n<meta name=\"robots\" content=\"index, follow, max-snippet:-1, max-image-preview:large, max-video-preview:-1\" \/>\n<link rel=\"canonical\" href=\"https:\/\/irpp.org\/fr\/recherche\/diversite-immigration-et-integration\/\" \/>\n<meta property=\"og:locale\" content=\"fr_FR\" \/>\n<meta property=\"og:type\" content=\"article\" \/>\n<meta property=\"og:title\" content=\"Diversit\u00e9, immigration et int\u00e9gration\" \/>\n<meta property=\"og:description\" content=\"\u00c0 l&#039;heure o\u00f9 l&#039;immigration devient la principale source de croissance, il est important de mieux comprendre les moyens de renforcer l&#039;int\u00e9gration.\" \/>\n<meta property=\"og:url\" content=\"https:\/\/irpp.org\/fr\/recherche\/diversite-immigration-et-integration\/\" \/>\n<meta property=\"og:site_name\" content=\"IRPP\" \/>\n<meta property=\"article:publisher\" content=\"https:\/\/www.facebook.com\/IRPP.org\" \/>\n<meta property=\"article:modified_time\" content=\"2018-05-15T14:56:01+00:00\" \/>\n<meta property=\"og:image\" content=\"https:\/\/irpp.org\/wp-content\/uploads\/\/sites\/2\/assets\/Uploads\/diversity-immigration2.jpg\" \/>\n\t<meta property=\"og:image:width\" content=\"300\" \/>\n\t<meta property=\"og:image:height\" content=\"160\" \/>\n<meta name=\"twitter:card\" content=\"summary_large_image\" \/>\n<meta name=\"twitter:site\" content=\"@irpp\" \/>\n<meta name=\"twitter:label1\" content=\"Dur\u00e9e de lecture est.\">\n\t<meta name=\"twitter:data1\" content=\"1 minute\">\n<script type=\"application\/ld+json\" class=\"yoast-schema-graph\">{\"@context\":\"https:\/\/schema.org\",\"@graph\":[{\"@type\":\"WebSite\",\"@id\":\"https:\/\/irpp.org\/#website\",\"url\":\"https:\/\/irpp.org\/\",\"name\":\"IRPP\",\"description\":\"Institute for Research on Public Policy\",\"potentialAction\":[{\"@type\":\"SearchAction\",\"target\":\"https:\/\/irpp.org\/?s={search_term_string}\",\"query-input\":\"required name=search_term_string\"}],\"inLanguage\":\"fr-FR\"},{\"@type\":\"ImageObject\",\"@id\":\"https:\/\/irpp.org\/fr\/recherche\/diversite-immigration-et-integration\/#primaryimage\",\"inLanguage\":\"fr-FR\",\"url\":\"https:\/\/irpp.org\/wp-content\/uploads\/\/sites\/2\/assets\/Uploads\/diversity-immigration2.jpg\",\"width\":300,\"height\":160},{\"@type\":\"WebPage\",\"@id\":\"https:\/\/irpp.org\/fr\/recherche\/diversite-immigration-et-integration\/#webpage\",\"url\":\"https:\/\/irpp.org\/fr\/recherche\/diversite-immigration-et-integration\/\",\"name\":\"Diversit\\u00e9, immigration et int\\u00e9gration\",\"isPartOf\":{\"@id\":\"https:\/\/irpp.org\/#website\"},\"primaryImageOfPage\":{\"@id\":\"https:\/\/irpp.org\/fr\/recherche\/diversite-immigration-et-integration\/#primaryimage\"},\"datePublished\":\"2015-03-18T17:23:51+00:00\",\"dateModified\":\"2018-05-15T14:56:01+00:00\",\"description\":\"\\u00c0 l'heure o\\u00f9 l'immigration devient la principale source de croissance, il est important de mieux comprendre les moyens de renforcer l'int\\u00e9gration.\",\"inLanguage\":\"fr-FR\",\"potentialAction\":[{\"@type\":\"ReadAction\",\"target\":[\"https:\/\/irpp.org\/fr\/recherche\/diversite-immigration-et-integration\/\"]}]}]}<\/script>\n<!-- \/ Yoast SEO plugin. -->","distributor_meta":false,"distributor_terms":false,"distributor_media":false,"distributor_original_site_name":"IRPP","distributor_original_site_url":"https:\/\/irpp.org\/fr\/","push-errors":false,"_links":{"self":[{"href":"https:\/\/irpp.org\/fr\/wp-json\/wp\/v2\/pages\/9274","targetHints":{"allow":["GET"]}}],"collection":[{"href":"https:\/\/irpp.org\/fr\/wp-json\/wp\/v2\/pages"}],"about":[{"href":"https:\/\/irpp.org\/fr\/wp-json\/wp\/v2\/types\/page"}],"author":[{"embeddable":true,"href":"https:\/\/irpp.org\/fr\/wp-json\/wp\/v2\/users\/1"}],"replies":[{"embeddable":true,"href":"https:\/\/irpp.org\/fr\/wp-json\/wp\/v2\/comments?post=9274"}],"version-history":[{"count":0,"href":"https:\/\/irpp.org\/fr\/wp-json\/wp\/v2\/pages\/9274\/revisions"}],"up":[{"embeddable":true,"href":"https:\/\/irpp.org\/fr\/wp-json\/wp\/v2\/pages\/9148"}],"wp:featuredmedia":[{"embeddable":true,"href":"https:\/\/irpp.org\/fr\/wp-json\/wp\/v2\/media\/1233"}],"wp:attachment":[{"href":"https:\/\/irpp.org\/fr\/wp-json\/wp\/v2\/media?parent=9274"}],"wp:term":[{"taxonomy":"category","embeddable":true,"href":"https:\/\/irpp.org\/fr\/wp-json\/wp\/v2\/categories?post=9274"},{"taxonomy":"post_tag","embeddable":true,"href":"https:\/\/irpp.org\/fr\/wp-json\/wp\/v2\/tags?post=9274"}],"curies":[{"name":"wp","href":"https:\/\/api.w.org\/{rel}","templated":true}]}}

Diversité, immigration et intégration

<p>À l&rsquo;heure où l&rsquo;immigration devient la principale source de croissance de la main-d&rsquo;oeuvre, il est important de mieux comprendre les facteurs qui, depuis une vingtaine d&rsquo;années, ont mené à une détérioriation de la situation des immigrants sur le marché du travail, les obstacles économiques et sociaux que les nouveaux arrivants doivent surmonter, ainsi que les moyens de renforcer l&rsquo;intégration des immigrants sur tous les plans.</p>
<p>Le programme est axé sur les thèmes suivants :</p>
<ul>
<li>Les facteurs déterminant la situation économique des immigrants sur le marché du travail, et les options politiques permettant de l&rsquo;améliorer</li>
<li>L&rsquo;incidence du recours accru aux travailleurs étrangers temporaires au Canada</li>
<li>Les éléments de l&rsquo;intégration sociale des immigrants</li>
<li>Les parcours menant à la participation et à l&rsquo;intégration civique et politique des collectivités immigrantes au Canada</li>
</ul>
<p>Note : Ce programme de recherche a pris fin.</p>

<p>À l&rsquo;heure où l&rsquo;immigration devient la principale source de croissance de la main-d&rsquo;oeuvre, il est important de mieux comprendre les facteurs qui, depuis une vingtaine d&rsquo;années, ont mené à une détérioriation de la situation des immigrants sur le marché du travail, les obstacles économiques et sociaux que les nouveaux arrivants doivent surmonter, ainsi que les [&hellip;]</p>

<!-- This site is optimized with the Yoast SEO plugin v15.7 - https://yoast.com/wordpress/plugins/seo/ -->
<meta name="description" content="À l&#039;heure où l&#039;immigration devient la principale source de croissance, il est important de mieux comprendre les moyens de renforcer l&#039;intégration." />
<meta name="robots" content="index, follow, max-snippet:-1, max-image-preview:large, max-video-preview:-1" />
<link rel="canonical" href="https://irpp.org/fr/recherche/diversite-immigration-et-integration/" />
<meta property="og:locale" content="fr_FR" />
<meta property="og:type" content="article" />
<meta property="og:title" content="Diversité, immigration et intégration" />
<meta property="og:description" content="À l&#039;heure où l&#039;immigration devient la principale source de croissance, il est important de mieux comprendre les moyens de renforcer l&#039;intégration." />
<meta property="og:url" content="https://irpp.org/fr/recherche/diversite-immigration-et-integration/" />
<meta property="og:site_name" content="IRPP" />
<meta property="article:publisher" content="https://www.facebook.com/IRPP.org" />
<meta property="article:modified_time" content="2018-05-15T14:56:01+00:00" />
<meta property="og:image" content="https://irpp.org/wp-content/uploads//sites/2/assets/Uploads/diversity-immigration2.jpg" />
	<meta property="og:image:width" content="300" />
	<meta property="og:image:height" content="160" />
<meta name="twitter:card" content="summary_large_image" />
<meta name="twitter:site" content="@irpp" />
<meta name="twitter:label1" content="Durée de lecture est.">
	<meta name="twitter:data1" content="1 minute">
<script type="application/ld+json" class="yoast-schema-graph">{"@context":"https://schema.org","@graph":[{"@type":"WebSite","@id":"https://irpp.org/#website","url":"https://irpp.org/","name":"IRPP","description":"Institute for Research on Public Policy","potentialAction":[{"@type":"SearchAction","target":"https://irpp.org/?s={search_term_string}","query-input":"required name=search_term_string"}],"inLanguage":"fr-FR"},{"@type":"ImageObject","@id":"https://irpp.org/fr/recherche/diversite-immigration-et-integration/#primaryimage","inLanguage":"fr-FR","url":"https://irpp.org/wp-content/uploads//sites/2/assets/Uploads/diversity-immigration2.jpg","width":300,"height":160},{"@type":"WebPage","@id":"https://irpp.org/fr/recherche/diversite-immigration-et-integration/#webpage","url":"https://irpp.org/fr/recherche/diversite-immigration-et-integration/","name":"Diversit\u00e9, immigration et int\u00e9gration","isPartOf":{"@id":"https://irpp.org/#website"},"primaryImageOfPage":{"@id":"https://irpp.org/fr/recherche/diversite-immigration-et-integration/#primaryimage"},"datePublished":"2015-03-18T17:23:51+00:00","dateModified":"2018-05-15T14:56:01+00:00","description":"\u00c0 l'heure o\u00f9 l'immigration devient la principale source de croissance, il est important de mieux comprendre les moyens de renforcer l'int\u00e9gration.","inLanguage":"fr-FR","potentialAction":[{"@type":"ReadAction","target":["https://irpp.org/fr/recherche/diversite-immigration-et-integration/"]}]}]}</script>
<!-- / Yoast SEO plugin. -->
