{"id":17119,"date":"2023-03-27T14:47:45","date_gmt":"2023-03-27T18:47:45","guid":{"rendered":"https:\/\/irpp.org\/?page_id=17119"},"modified":"2025-11-17T12:42:44","modified_gmt":"2025-11-17T17:42:44","slug":"vers-un-canada-plus-equitable","status":"publish","type":"page","link":"https:\/\/irpp.org\/fr\/recherche\/vers-un-canada-plus-equitable\/","title":{"rendered":"Vers un Canada plus \u00e9quitable"},"content":{"rendered":"<p>Des recherches qui ouvrent la voie au d\u00e9veloppement de politiques am\u00e9liorant la situation et les opportunit\u00e9s de tout un chacun, en s&rsquo;attaquant \u00e0 des probl\u00e8mes tels que la disponibilit\u00e9 et l&rsquo;abordabilit\u00e9 des n\u00e9cessit\u00e9s de base, et les iniquit\u00e9s dans les soins de sant\u00e9, le march\u00e9 du travail et le domaine de l&rsquo;\u00e9ducation.<\/p>","protected":false},"excerpt":{"rendered":"<p>Des recherches qui ouvrent la voie au d\u00e9veloppement de politiques am\u00e9liorant la situation et les opportunit\u00e9s de tout un chacun, en s&rsquo;attaquant \u00e0 des probl\u00e8mes tels que la disponibilit\u00e9 et l&rsquo;abordabilit\u00e9 des n\u00e9cessit\u00e9s de base, et les iniquit\u00e9s dans les soins de sant\u00e9, le march\u00e9 du travail et le domaine de l&rsquo;\u00e9ducation.<\/p>\n","protected":false},"author":871,"featured_media":17118,"parent":9148,"menu_order":0,"comment_status":"closed","ping_status":"closed","template":"page-research-program.php","meta":{"content-type":"","footnotes":""},"categories":[98],"tags":[],"class_list":["post-17119","page","type-page","status-publish","has-post-thumbnail","hentry","category-research-programs-fr"],"acf":[],"yoast_head":"<!-- This site is optimized with the Yoast SEO plugin v15.7 - https:\/\/yoast.com\/wordpress\/plugins\/seo\/ -->\n<meta name=\"description\" content=\"Des recherches qui ouvrent la voie au d\u00e9veloppement de politiques am\u00e9liorant la situation et les opportunit\u00e9s de tout un chacun, en s&#039;attaquant \u00e0 des probl\u00e8mes tels que la disponibilit\u00e9 et l&#039;abordabilit\u00e9 des n\u00e9cessit\u00e9s de base, et les iniquit\u00e9s dans les soins de sant\u00e9, le march\u00e9 du travail et le domaine de l&#039;\u00e9ducation.\" \/>\n<meta name=\"robots\" content=\"index, follow, max-snippet:-1, max-image-preview:large, max-video-preview:-1\" \/>\n<link rel=\"canonical\" href=\"https:\/\/irpp.org\/fr\/recherche\/vers-un-canada-plus-equitable\/\" \/>\n<meta property=\"og:locale\" content=\"fr_FR\" \/>\n<meta property=\"og:type\" content=\"article\" \/>\n<meta property=\"og:title\" content=\"Vers un Canada plus \u00e9quitable - IRPP\" \/>\n<meta property=\"og:description\" content=\"Des recherches qui ouvrent la voie au d\u00e9veloppement de politiques am\u00e9liorant la situation et les opportunit\u00e9s de tout un chacun, en s&#039;attaquant \u00e0 des probl\u00e8mes tels que la disponibilit\u00e9 et l&#039;abordabilit\u00e9 des n\u00e9cessit\u00e9s de base, et les iniquit\u00e9s dans les soins de sant\u00e9, le march\u00e9 du travail et le domaine de l&#039;\u00e9ducation.\" \/>\n<meta property=\"og:url\" content=\"https:\/\/irpp.org\/fr\/recherche\/vers-un-canada-plus-equitable\/\" \/>\n<meta property=\"og:site_name\" content=\"IRPP\" \/>\n<meta property=\"article:publisher\" content=\"https:\/\/www.facebook.com\/IRPP.org\" \/>\n<meta property=\"article:modified_time\" content=\"2025-11-17T17:42:44+00:00\" \/>\n<meta property=\"og:image\" content=\"https:\/\/irpp.org\/wp-content\/uploads\/2023\/03\/RazLatif_IRPP_EquitableCanada_Final_rl01-scaled.jpg\" \/>\n\t<meta property=\"og:image:width\" content=\"2560\" \/>\n\t<meta property=\"og:image:height\" content=\"1067\" \/>\n<meta name=\"twitter:card\" content=\"summary_large_image\" \/>\n<meta name=\"twitter:site\" content=\"@irpp\" \/>\n<meta name=\"twitter:label1\" content=\"Dur\u00e9e de lecture est.\">\n\t<meta name=\"twitter:data1\" content=\"1 minute\">\n<script type=\"application\/ld+json\" class=\"yoast-schema-graph\">{\"@context\":\"https:\/\/schema.org\",\"@graph\":[{\"@type\":\"WebSite\",\"@id\":\"https:\/\/irpp.org\/#website\",\"url\":\"https:\/\/irpp.org\/\",\"name\":\"IRPP\",\"description\":\"Institute for Research on Public Policy\",\"potentialAction\":[{\"@type\":\"SearchAction\",\"target\":\"https:\/\/irpp.org\/?s={search_term_string}\",\"query-input\":\"required name=search_term_string\"}],\"inLanguage\":\"fr-FR\"},{\"@type\":\"ImageObject\",\"@id\":\"https:\/\/irpp.org\/fr\/recherche\/vers-un-canada-plus-equitable\/#primaryimage\",\"inLanguage\":\"fr-FR\",\"url\":\"https:\/\/irpp.org\/wp-content\/uploads\/2023\/03\/RazLatif_IRPP_EquitableCanada_Final_rl01-scaled.jpg\",\"width\":2560,\"height\":1067},{\"@type\":\"WebPage\",\"@id\":\"https:\/\/irpp.org\/fr\/recherche\/vers-un-canada-plus-equitable\/#webpage\",\"url\":\"https:\/\/irpp.org\/fr\/recherche\/vers-un-canada-plus-equitable\/\",\"name\":\"Vers un Canada plus \\u00e9quitable - IRPP\",\"isPartOf\":{\"@id\":\"https:\/\/irpp.org\/#website\"},\"primaryImageOfPage\":{\"@id\":\"https:\/\/irpp.org\/fr\/recherche\/vers-un-canada-plus-equitable\/#primaryimage\"},\"datePublished\":\"2023-03-27T18:47:45+00:00\",\"dateModified\":\"2025-11-17T17:42:44+00:00\",\"description\":\"Des recherches qui ouvrent la voie au d\\u00e9veloppement de politiques am\\u00e9liorant la situation et les opportunit\\u00e9s de tout un chacun, en s'attaquant \\u00e0 des probl\\u00e8mes tels que la disponibilit\\u00e9 et l'abordabilit\\u00e9 des n\\u00e9cessit\\u00e9s de base, et les iniquit\\u00e9s dans les soins de sant\\u00e9, le march\\u00e9 du travail et le domaine de l'\\u00e9ducation.\",\"inLanguage\":\"fr-FR\",\"potentialAction\":[{\"@type\":\"ReadAction\",\"target\":[\"https:\/\/irpp.org\/fr\/recherche\/vers-un-canada-plus-equitable\/\"]}]}]}<\/script>\n<!-- \/ Yoast SEO plugin. -->","distributor_meta":false,"distributor_terms":false,"distributor_media":false,"distributor_original_site_name":"IRPP","distributor_original_site_url":"https:\/\/irpp.org\/fr\/","push-errors":false,"_links":{"self":[{"href":"https:\/\/irpp.org\/fr\/wp-json\/wp\/v2\/pages\/17119","targetHints":{"allow":["GET"]}}],"collection":[{"href":"https:\/\/irpp.org\/fr\/wp-json\/wp\/v2\/pages"}],"about":[{"href":"https:\/\/irpp.org\/fr\/wp-json\/wp\/v2\/types\/page"}],"author":[{"embeddable":true,"href":"https:\/\/irpp.org\/fr\/wp-json\/wp\/v2\/users\/871"}],"replies":[{"embeddable":true,"href":"https:\/\/irpp.org\/fr\/wp-json\/wp\/v2\/comments?post=17119"}],"version-history":[{"count":0,"href":"https:\/\/irpp.org\/fr\/wp-json\/wp\/v2\/pages\/17119\/revisions"}],"up":[{"embeddable":true,"href":"https:\/\/irpp.org\/fr\/wp-json\/wp\/v2\/pages\/9148"}],"wp:featuredmedia":[{"embeddable":true,"href":"https:\/\/irpp.org\/fr\/wp-json\/wp\/v2\/media\/17118"}],"wp:attachment":[{"href":"https:\/\/irpp.org\/fr\/wp-json\/wp\/v2\/media?parent=17119"}],"wp:term":[{"taxonomy":"category","embeddable":true,"href":"https:\/\/irpp.org\/fr\/wp-json\/wp\/v2\/categories?post=17119"},{"taxonomy":"post_tag","embeddable":true,"href":"https:\/\/irpp.org\/fr\/wp-json\/wp\/v2\/tags?post=17119"}],"curies":[{"name":"wp","href":"https:\/\/api.w.org\/{rel}","templated":true}]}}

Vers un Canada plus équitable

<p>Des recherches qui ouvrent la voie au développement de politiques améliorant la situation et les opportunités de tout un chacun, en s&rsquo;attaquant à des problèmes tels que la disponibilité et l&rsquo;abordabilité des nécessités de base, et les iniquités dans les soins de santé, le marché du travail et le domaine de l&rsquo;éducation.</p>

<!-- This site is optimized with the Yoast SEO plugin v15.7 - https://yoast.com/wordpress/plugins/seo/ -->
<meta name="description" content="Des recherches qui ouvrent la voie au développement de politiques améliorant la situation et les opportunités de tout un chacun, en s&#039;attaquant à des problèmes tels que la disponibilité et l&#039;abordabilité des nécessités de base, et les iniquités dans les soins de santé, le marché du travail et le domaine de l&#039;éducation." />
<meta name="robots" content="index, follow, max-snippet:-1, max-image-preview:large, max-video-preview:-1" />
<link rel="canonical" href="https://irpp.org/fr/recherche/vers-un-canada-plus-equitable/" />
<meta property="og:locale" content="fr_FR" />
<meta property="og:type" content="article" />
<meta property="og:title" content="Vers un Canada plus équitable - IRPP" />
<meta property="og:description" content="Des recherches qui ouvrent la voie au développement de politiques améliorant la situation et les opportunités de tout un chacun, en s&#039;attaquant à des problèmes tels que la disponibilité et l&#039;abordabilité des nécessités de base, et les iniquités dans les soins de santé, le marché du travail et le domaine de l&#039;éducation." />
<meta property="og:url" content="https://irpp.org/fr/recherche/vers-un-canada-plus-equitable/" />
<meta property="og:site_name" content="IRPP" />
<meta property="article:publisher" content="https://www.facebook.com/IRPP.org" />
<meta property="article:modified_time" content="2025-11-17T17:42:44+00:00" />
<meta property="og:image" content="https://irpp.org/wp-content/uploads/2023/03/RazLatif_IRPP_EquitableCanada_Final_rl01-scaled.jpg" />
	<meta property="og:image:width" content="2560" />
	<meta property="og:image:height" content="1067" />
<meta name="twitter:card" content="summary_large_image" />
<meta name="twitter:site" content="@irpp" />
<meta name="twitter:label1" content="Durée de lecture est.">
	<meta name="twitter:data1" content="1 minute">
<script type="application/ld+json" class="yoast-schema-graph">{"@context":"https://schema.org","@graph":[{"@type":"WebSite","@id":"https://irpp.org/#website","url":"https://irpp.org/","name":"IRPP","description":"Institute for Research on Public Policy","potentialAction":[{"@type":"SearchAction","target":"https://irpp.org/?s={search_term_string}","query-input":"required name=search_term_string"}],"inLanguage":"fr-FR"},{"@type":"ImageObject","@id":"https://irpp.org/fr/recherche/vers-un-canada-plus-equitable/#primaryimage","inLanguage":"fr-FR","url":"https://irpp.org/wp-content/uploads/2023/03/RazLatif_IRPP_EquitableCanada_Final_rl01-scaled.jpg","width":2560,"height":1067},{"@type":"WebPage","@id":"https://irpp.org/fr/recherche/vers-un-canada-plus-equitable/#webpage","url":"https://irpp.org/fr/recherche/vers-un-canada-plus-equitable/","name":"Vers un Canada plus \u00e9quitable - IRPP","isPartOf":{"@id":"https://irpp.org/#website"},"primaryImageOfPage":{"@id":"https://irpp.org/fr/recherche/vers-un-canada-plus-equitable/#primaryimage"},"datePublished":"2023-03-27T18:47:45+00:00","dateModified":"2025-11-17T17:42:44+00:00","description":"Des recherches qui ouvrent la voie au d\u00e9veloppement de politiques am\u00e9liorant la situation et les opportunit\u00e9s de tout un chacun, en s'attaquant \u00e0 des probl\u00e8mes tels que la disponibilit\u00e9 et l'abordabilit\u00e9 des n\u00e9cessit\u00e9s de base, et les iniquit\u00e9s dans les soins de sant\u00e9, le march\u00e9 du travail et le domaine de l'\u00e9ducation.","inLanguage":"fr-FR","potentialAction":[{"@type":"ReadAction","target":["https://irpp.org/fr/recherche/vers-un-canada-plus-equitable/"]}]}]}</script>
<!-- / Yoast SEO plugin. -->
